000
CDUS46 KMFR 260858
CLISIY


CLIMATE REPORT
NATIONAL WEATHER SERVICE MEDFORD, OR
158 AM PDT SUN APR 26 2015


...................................

...THE MONTAGUE CA CLIMATE SUMMARY FOR APRIL 25 2015...

CLIMATE NORMAL PERIOD 1981 TO 2010
CLIMATE RECORD PERIOD 1948 TO 2015


WEATHER ITEM   OBSERVED TIME   RECORD YEAR NORMAL DEPARTURE LAST
                VALUE   (LST)  VALUE       VALUE  FROM      YEAR
                                                  NORMAL
..................................................................
TEMPERATURE (F)
 YESTERDAY
  MAXIMUM         61    354 PM  83    2001  64     -3       54
  MINIMUM         35    621 AM  25    2009  36     -1       31
  AVERAGE         48                        50     -2       43

PRECIPITATION (IN)
  YESTERDAY        0.00          0.19 1975   0.07  -0.07     0.05
  MONTH TO DATE    0.44                      1.22  -0.78     0.66
  SINCE OCT 1     11.04                     14.57  -3.53     6.05
  SINCE JAN 1      5.13                      7.74  -2.61     5.41

SNOWFALL (IN)
  YESTERDAY       MM                        MM     MM       MM
  MONTH TO DATE   MM                        MM     MM       MM
  SINCE JUL 1     MM                        MM     MM        0.0
  SNOW DEPTH      MM

DEGREE DAYS
 HEATING
  YESTERDAY       17                        15      2       22
  MONTH TO DATE  430                       469    -39      338
  SINCE MAR 1    938                      1151   -213      900
  SINCE JUL 1   4080                      5028   -948     4948

 COOLING
  YESTERDAY        0                         0      0        0
  MONTH TO DATE    0                         0      0        0
  SINCE MAR 1      0                         0      0        0
  SINCE JAN 1      0                         0      0        0
..................................................................


WIND (MPH)
  HIGHEST WIND SPEED    21   HIGHEST WIND DIRECTION     N (20)
  HIGHEST GUST SPEED    25   HIGHEST GUST DIRECTION     N (10)
  AVERAGE WIND SPEED     6.2


SKY COVER
  POSSIBLE SUNSHINE  MM
  AVERAGE SKY COVER 0.4


WEATHER CONDITIONS
 THE FOLLOWING WEATHER WAS RECORDED YESTERDAY.
  NO SIGNIFICANT WEATHER WAS OBSERVED.


RELATIVE HUMIDITY (PERCENT)
 HIGHEST    92           300 AM
 LOWEST     29           400 PM

..........................................................


THE MONTAGUE CA CLIMATE NORMALS FOR TODAY
                         NORMAL    RECORD    YEAR
 MAXIMUM TEMPERATURE (F)   65        89      1987
 MINIMUM TEMPERATURE (F)   36        25      1984


SUNRISE AND SUNSET
APRIL 26 2015.........SUNRISE   613 AM PDT   SUNSET   803 PM PDT
APRIL 27 2015.........SUNRISE   612 AM PDT   SUNSET   804 PM PDT


-  INDICATES NEGATIVE NUMBERS.
R  INDICATES RECORD WAS SET OR TIED.
MM INDICATES DATA IS MISSING.
T  INDICATES TRACE AMOUNT.




$$
