000
CDUS46 KMTR 060826
CLISJC


CLIMATE REPORT
NATIONAL WEATHER SERVICE SAN FRANCISCO BAY AREA
126 AM PDT WED MAY 6 2015


...................................

...THE SAN JOSE AIRPORT CLIMATE SUMMARY FOR MAY 5 2015...

CLIMATE NORMAL PERIOD 1981 TO 2010
CLIMATE RECORD PERIOD 1893 TO 2015


WEATHER ITEM   OBSERVED TIME   RECORD YEAR NORMAL DEPARTURE LAST
                VALUE   (LST)  VALUE       VALUE  FROM      YEAR
                                                  NORMAL
..................................................................
TEMPERATURE (F)
 YESTERDAY
  MAXIMUM         70   1155 AM  98    1987  74     -4       67
  MINIMUM         50    526 AM  39    1975  51     -1       53
  AVERAGE         60                        62     -2       60

PRECIPITATION (IN)
  YESTERDAY        0.00          1.05 1915   0.02  -0.02     0.00
  MONTH TO DATE    0.00                      0.12  -0.12     0.00
  SINCE OCT 1     12.76                     14.31  -1.55     5.68
  SINCE JAN 1      2.81                      9.53  -6.72     4.78

SNOWFALL (IN)
  YESTERDAY        0.0                      MM     MM        0.0
  MONTH TO DATE    0.0                      MM     MM        0.0
  SINCE MAR 1      0.0                      MM     MM        0.0
  SINCE JUL 1      0.0                      MM     MM        0.0

DEGREE DAYS
 HEATING
  YESTERDAY        5                         4      1        5
  MONTH TO DATE   18                        20     -2       11
  SINCE MAR 1    319                       461   -142      317
  SINCE JUL 1   1539                      1924   -385     1858

 COOLING
  YESTERDAY        0                         1     -1        0
  MONTH TO DATE    6                         5      1       14
  SINCE MAR 1     27                        24      3       42
  SINCE JAN 1     27                        24      3       42
..................................................................


WIND (MPH)
  RESULTANT WIND SPEED   1   RESULTANT WIND DIRECTION  NW (320)
  HIGHEST WIND SPEED    20   HIGHEST WIND DIRECTION    NW (320)
  HIGHEST GUST SPEED    23   HIGHEST GUST DIRECTION    NW (320)
  AVERAGE WIND SPEED     8.0


SKY COVER
  POSSIBLE SUNSHINE  MM
  AVERAGE SKY COVER 0.2


WEATHER CONDITIONS
 THE FOLLOWING WEATHER WAS RECORDED YESTERDAY.
  NO SIGNIFICANT WEATHER WAS OBSERVED.


RELATIVE HUMIDITY (PERCENT)
 HIGHEST    83           400 AM
 LOWEST     40          1200 PM
 AVERAGE    62

..........................................................


THE SAN JOSE AIRPORT CLIMATE NORMALS FOR TODAY
                         NORMAL    RECORD    YEAR
 MAXIMUM TEMPERATURE (F)   74        99      1987
 MINIMUM TEMPERATURE (F)   51        38      1896


SUNRISE AND SUNSET
MAY  6 2015...........SUNRISE   607 AM PDT   SUNSET   802 PM PDT
MAY  7 2015...........SUNRISE   606 AM PDT   SUNSET   803 PM PDT


-  INDICATES NEGATIVE NUMBERS.
R  INDICATES RECORD WAS SET OR TIED.
MM INDICATES DATA IS MISSING.
T  INDICATES TRACE AMOUNT.




$$
