000
CDUS44 KSJT 252228
CLISJT


CLIMATE REPORT
NATIONAL WEATHER SERVICE SAN ANGELO TX
528 PM CDT SAT APR 25 2015


...................................

...THE SAN ANGELO CLIMATE SUMMARY FOR APRIL 25 2015...
VALID TODAY AS OF 0500 PM LOCAL TIME.

CLIMATE NORMAL PERIOD 1981 TO 2010
CLIMATE RECORD PERIOD 1907 TO 2015


WEATHER ITEM   OBSERVED TIME   RECORD YEAR NORMAL DEPARTURE LAST
                VALUE   (LST)  VALUE       VALUE  FROM      YEAR
                                                  NORMAL
..................................................................
TEMPERATURE (F)
 TODAY
  MAXIMUM         88    359 PM 104    2012  83      5       94
  MINIMUM         47    623 AM  34    1913  55     -8       49
  AVERAGE         68                        69     -1       72

PRECIPITATION (IN)
  TODAY            0.00          0.99 1990   0.06  -0.06     0.00
  MONTH TO DATE    1.81                      1.13   0.68     0.41
  SINCE MAR 1      3.47                      2.63   0.84     0.46
  SINCE JAN 1      5.73                      4.91   0.82     0.52

SNOWFALL (IN)
  TODAY            0.0           0.0  2002   0.0    0.0      0.0
  MONTH TO DATE    0.0                       0.0    0.0      0.0
  SINCE NOV 1      1.4                       2.2   -0.8      1.6
  SINCE JUL 1      1.4                       2.2   -0.8      1.6

DEGREE DAYS
 HEATING
  TODAY            0                         2     -2        0
  MONTH TO DATE   24                        83    -59       65
  SINCE MAR 1    310                       340    -30      347
  SINCE JUL 1   2157                      2301   -144     2467

 COOLING
  TODAY            3                         5     -2        7
  MONTH TO DATE  132                        88     44      154
  SINCE MAR 1    183                       121     62      209
  SINCE JAN 1    185                       126     59      212
..................................................................


WIND (MPH)
  HIGHEST WIND SPEED    26   HIGHEST WIND DIRECTION     W (250)
  HIGHEST GUST SPEED    31   HIGHEST GUST DIRECTION     W (260)
  AVERAGE WIND SPEED    11.4


SKY COVER
  POSSIBLE SUNSHINE  MM
  AVERAGE SKY COVER 0.0


WEATHER CONDITIONS
 THE FOLLOWING WEATHER WAS RECORDED TODAY.
  NO SIGNIFICANT WEATHER WAS OBSERVED.


RELATIVE HUMIDITY (PERCENT)
 HIGHEST    86          1200 AM
 LOWEST     12           300 PM
 AVERAGE    49

..........................................................


THE SAN ANGELO CLIMATE NORMALS FOR TOMORROW
                         NORMAL    RECORD    YEAR
 MAXIMUM TEMPERATURE (F)   83       105      2012
 MINIMUM TEMPERATURE (F)   55        38      2007


SUNRISE AND SUNSET
APRIL 25 2015.........SUNRISE   703 AM CDT   SUNSET   817 PM CDT
APRIL 26 2015.........SUNRISE   702 AM CDT   SUNSET   818 PM CDT


-  INDICATES NEGATIVE NUMBERS.
R  INDICATES RECORD WAS SET OR TIED.
MM INDICATES DATA IS MISSING.
T  INDICATES TRACE AMOUNT.




$$
