000
CDUS45 KSLC 251216
CLISLC


CLIMATE REPORT
NATIONAL WEATHER SERVICE SALT LAKE CITY UT
616 AM MDT SAT APR 25 2015


...................................

...THE SALT LAKE CITY UT CLIMATE SUMMARY FOR APRIL 24 2015...

CLIMATE NORMAL PERIOD 1981 TO 2010
CLIMATE RECORD PERIOD 1874 TO 2015


WEATHER ITEM   OBSERVED TIME   RECORD YEAR NORMAL DEPARTURE LAST
                VALUE   (LST)  VALUE       VALUE  FROM      YEAR
                                                  NORMAL
..................................................................
TEMPERATURE (F)
 YESTERDAY
  MAXIMUM         68   1230 PM  86    2012  64      4       67
  MINIMUM         46   1132 PM  27    1950  41      5       39
  AVERAGE         57                        53      4       53

PRECIPITATION (IN)
  YESTERDAY        0.48          0.70 1945   0.06   0.42     0.00
  MONTH TO DATE    1.53                      1.57  -0.04     0.56
  SINCE OCT 1      5.42                     10.24  -4.82     7.45
  SINCE JAN 1      3.41                      5.86  -2.45     4.44

SNOWFALL (IN)
  YESTERDAY        0.0           1.6  1958   0.1   -0.1      0.0
                                      1945
  MONTH TO DATE    5.8                       3.6    2.2       T
  SINCE OCT 1     15.4                      55.5  -40.1     35.5
  SINCE JUL 1     15.4                      55.5  -40.1     35.5
  SNOW DEPTH       0

DEGREE DAYS
 HEATING
  YESTERDAY        8                        13     -5       12
  MONTH TO DATE  313                       369    -56      274
  SINCE MAR 1    779                      1031   -252      761
  SINCE JUL 1   4126                      5287  -1161     4748

 COOLING
  YESTERDAY        0                         0      0        0
  MONTH TO DATE    0                         0      0        0
  SINCE MAR 1      0                         0      0        0
  SINCE JAN 1      0                         0      0        0
..................................................................


WIND (MPH)
  RESULTANT WIND SPEED   5   RESULTANT WIND DIRECTION   S (160)
  HIGHEST WIND SPEED    23   HIGHEST WIND DIRECTION     S (200)
  HIGHEST GUST SPEED    30   HIGHEST GUST DIRECTION     S (160)
  AVERAGE WIND SPEED    10.1


SKY COVER
  POSSIBLE SUNSHINE  MM
  AVERAGE SKY COVER 0.7


WEATHER CONDITIONS
 THE FOLLOWING WEATHER WAS RECORDED YESTERDAY.
  THUNDERSTORM
  HEAVY RAIN
  RAIN
  LIGHT RAIN
  FOG


RELATIVE HUMIDITY (PERCENT)
 HIGHEST    93           900 PM
 LOWEST     28          1100 AM
 AVERAGE    61

..........................................................


THE SALT LAKE CITY UT CLIMATE NORMALS FOR TODAY
                         NORMAL    RECORD    YEAR
 MAXIMUM TEMPERATURE (F)   64        84      1946
 MINIMUM TEMPERATURE (F)   42        26      1950


SUNRISE AND SUNSET
APRIL 25 2015.........SUNRISE   635 AM MDT   SUNSET   818 PM MDT
APRIL 26 2015.........SUNRISE   633 AM MDT   SUNSET   819 PM MDT


-  INDICATES NEGATIVE NUMBERS.
R  INDICATES RECORD WAS SET OR TIED.
MM INDICATES DATA IS MISSING.
T  INDICATES TRACE AMOUNT.




$$
