000
CDUS41 KBTV 010524
CLISLK

CLIMATE REPORT
NATIONAL WEATHER SERVICE BURLINGTON VT
121 AM EDT WED APR 1 2015

...................................

...THE SARANAC LAKE NY CLIMATE SUMMARY FOR MARCH 31 2015...

CLIMATE NORMAL PERIOD 1981 TO 2010
CLIMATE RECORD PERIOD 9999 TO 9999


WEATHER ITEM   OBSERVED TIME   NORMAL DEPARTURE LAST
                VALUE   (LST)  VALUE  FROM      YEAR
                                      NORMAL
......................................................
TEMPERATURE (F)
 YESTERDAY
  MAXIMUM         35    331 PM  43     -8       36
  MINIMUM          8   1159 PM  20    -12       18
  AVERAGE         22            31     -9       27

PRECIPITATION (IN)
  YESTERDAY        T             0.09  -0.09     0.00
  MONTH TO DATE    0.87          2.28  -1.41     1.63
  SINCE MAR 1      0.87          2.28  -1.41     1.63
  SINCE JAN 1      1.74          6.02  -4.28     4.25

DEGREE DAYS
 HEATING
  YESTERDAY       43            34      9       38
  MONTH TO DATE 1408          1257    151     1552
  SINCE MAR 1   1408          1257    151     1552
  SINCE JUL 1   8191          7962    229     8536

 COOLING
  YESTERDAY        0             0      0        0
  MONTH TO DATE    0             0      0        0
  SINCE MAR 1      0             0      0        0
  SINCE JAN 1      0             0      0        0
......................................................


WIND (MPH)
  HIGHEST WIND SPEED    12   HIGHEST WIND DIRECTION     W (290)
  HIGHEST GUST SPEED    20   HIGHEST GUST DIRECTION     W (280)
  AVERAGE WIND SPEED     4.8


SKY COVER
  AVERAGE SKY COVER 0.4


WEATHER CONDITIONS
 THE FOLLOWING WEATHER WAS RECORDED YESTERDAY.
  NO SIGNIFICANT WEATHER WAS OBSERVED.


RELATIVE HUMIDITY (PERCENT)
 HIGHEST    81           200 AM
 LOWEST     25           400 PM
 AVERAGE    53

..........................................................


THE SARANAC LAKE NY CLIMATE NORMALS FOR TODAY
                         NORMAL    RECORD    YEAR
 MAXIMUM TEMPERATURE (F)   43        71      2010
 MINIMUM TEMPERATURE (F)   20        -5      2003


SUNRISE AND SUNSET
APRIL  1 2015.........SUNRISE   638 AM EDT   SUNSET   724 PM EDT
APRIL  2 2015.........SUNRISE   637 AM EDT   SUNSET   725 PM EDT


-  INDICATES NEGATIVE NUMBERS.
R  INDICATES RECORD WAS SET OR TIED.
MM INDICATES DATA IS MISSING.
T  INDICATES TRACE AMOUNT.

$$
