000
CDAK48 PASN 011146
CLISNP

CLIMATE REPORT
NATIONAL WEATHER SERVICE ST PAUL, AK
347 AM AKDT WED APR 1 2015

...................................
...THE ST PAUL AIRPORT CLIMATE SUMMARY FOR MARCH 31 2015...

CLIMATE NORMAL PERIOD  1981 TO  2010
CLIMATE RECORD PERIOD  1892 TO  2015

WEATHER ITEM   OBSERVED TIME    RECORD YEAR NORMAL DEPARTURE LAST
               VALUE    (LST)   VALUE       VALUE  FROM      YEAR
                                                   NORMAL
...................................................................
TEMPERATURE
YESTERDAY
 MAXIMUM            20  0144 PM    42  2003     30     -10     35
 MINIMUM             6  0141 AM    -1  2010     21     -15     33
 AVERAGE            13                          26     -13     34

PRECIPITATION
(INCHES)
 YESTERDAY        0.01           0.38  2008   0.04   -0.03   0.28
 MONTH TO DATE    0.68                        1.07   -0.39   1.20
 SINCE MAR 1      0.68                        1.07   -0.39   1.20
 SINCE JAN 1      3.00                        3.95   -0.95   5.53

SNOWFALL
(INCHES)
 YESTERDAY         0.4            1.2  2006    0.3     0.1    0.3
 MONTH TO DATE     9.1                         8.0     1.1    8.4
 SINCE MAR 1       9.1                         8.0     1.1    8.4
 SINCE JUL 1      38.8                        53.0   -14.2   42.7
 SNOW DEPTH (IN)     4                                          1

DEGREE DAYS
 HEATING
  YESTERDAY         52                          39      13     31
  MONTH TO DATE   1175                        1237     -62   1246
  SINCE MAR 1     1175                        1237     -62   1246
  SINCE JUL 1     7132                        8156   -1024   7692

 COOLING
  YESTERDAY          0                           0       0      0
  MONTH TO DATE      0                           0       0      0
  SINCE MAR 1        0                           0       0      0
  SINCE JAN 1        0                           0       0      0
...................................................................

WIND (MPH)
 HIGHEST WIND SPEED    18     HIGHEST WIND DIRECTION    330
 HIGHEST GUST SPEED    22     HIGHEST GUST DIRECTION    360
 AVERAGE WIND SPEED   9.6

SKY COVER
  POSSIBLE SUNSHINE    MM          AVERAGE SKY COVER     MM

WEATHER CONDITIONS
 THE FOLLOWING WEATHER WAS RECORDED YESTERDAY.
FOG
SNOW


RELATIVE HUMIDITY
 HIGHEST RH     MM PERCENT       MM
 LOWEST  RH     MM PERCENT       MM
 AVERAGE RH     MM PERCENT       MM
...................................................................

THE ST PAUL CLIMATE NORMALS FOR TODAY
                           NORMAL    RECORD   YEAR
 MAXIMUM TEMPERATURE (F)     31        41     1979
 MINIMUM TEMPERATURE (F)     22        -2     2010

SUNRISE AND SUNSET
 APR 1 2015..........SUNRISE  8:50 AM      SUNSET 10:01 PM
 APR 2 2015..........SUNRISE  8:48 AM      SUNSET 10:04 PM

-  INDICATES NEGATIVE NUMBERS.
R  INDICATES RECORD HAS BEEN SET OR TIED.
MM INDICATES DATA IS MISSING.
T  INDICATES TRACE OF PRECIPITATION.

&&
-------------------------------------------------------------------

AMOUNT OF DAYLIGHT TODAY  (HOUR:MIN)........13 HOURS 11 MINUTES
GAIN/LOSS SINCE YESTERDAY (HOUR:MIN:SEC)....+0:04:52

$$
WIW APR 15
