000
CDUS43 KILX 030639
CLISPI


CLIMATE REPORT
NATIONAL WEATHER SERVICE LINCOLN IL
138 AM CDT SUN MAY 3 2015


...................................

...THE SPRINGFIELD IL CLIMATE SUMMARY FOR MAY 2 2015...

CLIMATE NORMAL PERIOD 1981 TO 2010
CLIMATE RECORD PERIOD 1879 TO 2015


WEATHER ITEM   OBSERVED TIME   RECORD YEAR NORMAL DEPARTURE LAST
                VALUE   (LST)  VALUE       VALUE  FROM      YEAR
                                                  NORMAL
..................................................................
TEMPERATURE (F)
 YESTERDAY
  MAXIMUM         78    230 PM  89    1959  71      7       60
  MINIMUM         51    541 AM  32    2005  48      3       47
                                      1966
                                      1929
  AVERAGE         65                        59      6       54

PRECIPITATION (IN)
  YESTERDAY        T             1.55 1892   0.13  -0.13     0.00
  MONTH TO DATE    T                         0.26  -0.26     0.01
  SINCE MAR 1      3.68                      6.40  -2.72     6.11
  SINCE JAN 1      6.96                     10.03  -3.07    11.54

SNOWFALL (IN)
  YESTERDAY        0.0           0.6  1929   0.0    0.0      0.0
  MONTH TO DATE    0.0                       0.0    0.0      0.0
  SINCE MAR 1      3.7                       2.8    0.9      3.4
  SINCE JUL 1     33.9                      20.9   13.0     45.7
  SNOW DEPTH       0

DEGREE DAYS
 HEATING
  YESTERDAY        0                         7     -7       11
  MONTH TO DATE   13                        14     -1       27
  SINCE MAR 1   1028                      1088    -60     1171
  SINCE JUL 1   5597                      5359    238     6118

 COOLING
  YESTERDAY        0                         1     -1        0
  MONTH TO DATE    0                         2     -2        0
  SINCE MAR 1     10                        22    -12       10
  SINCE JAN 1     10                        22    -12       10
..................................................................


WIND (MPH)
  HIGHEST WIND SPEED    16   HIGHEST WIND DIRECTION     S (190)
  HIGHEST GUST SPEED    21   HIGHEST GUST DIRECTION    SW (220)
  AVERAGE WIND SPEED     5.7


SKY COVER
  POSSIBLE SUNSHINE  MM
  AVERAGE SKY COVER 0.4


WEATHER CONDITIONS
 THE FOLLOWING WEATHER WAS RECORDED YESTERDAY.
  LIGHT RAIN


RELATIVE HUMIDITY (PERCENT)
 HIGHEST    71           600 AM
 LOWEST     26           400 PM
 AVERAGE    49

..........................................................


THE SPRINGFIELD IL CLIMATE NORMALS FOR TODAY
                         NORMAL    RECORD    YEAR
 MAXIMUM TEMPERATURE (F)   71        89      1959
                                             1949
 MINIMUM TEMPERATURE (F)   48        29      1976


SUNRISE AND SUNSET
MAY  3 2015...........SUNRISE   557 AM CDT   SUNSET   755 PM CDT
MAY  4 2015...........SUNRISE   556 AM CDT   SUNSET   756 PM CDT


-  INDICATES NEGATIVE NUMBERS.
R  INDICATES RECORD WAS SET OR TIED.
MM INDICATES DATA IS MISSING.
T  INDICATES TRACE AMOUNT.




$$
