000
CDUS44 KOUN 210629
CLISPS

CLIMATE REPORT
NATIONAL WEATHER SERVICE NORMAN OK
127 AM CDT TUE APR 21 2015


...................................

...THE WICHITA FALLS CLIMATE SUMMARY FOR APRIL 20 2015...

CLIMATE NORMAL PERIOD 1981 TO 2010
CLIMATE RECORD PERIOD 1897 TO 2015


WEATHER ITEM   OBSERVED TIME   RECORD YEAR NORMAL DEPARTURE LAST
                VALUE   (LST)  VALUE       VALUE  FROM      YEAR
                                                  NORMAL
..................................................................
TEMPERATURE (F)
 YESTERDAY
  MAXIMUM         69    432 PM  95    1925  77     -8       69
  MINIMUM         41    547 AM  36    1953  51    -10       60
  AVERAGE         55                        64     -9       65

PRECIPITATION (IN)
  YESTERDAY        0.00          1.94 1957   0.09  -0.09     0.39
  MONTH TO DATE    1.31                      1.49  -0.18     1.07
  SINCE JAN 1      5.69                      6.58  -0.89     3.60

SNOWFALL (IN)
  YESTERDAY        0.0                       0.0    0.0      0.0
  MONTH TO DATE    0.0                       0.0    0.0       T
  SINCE JUL 1      6.5                       3.9    2.6      5.0
  SNOW DEPTH       0

DEGREE DAYS
 HEATING
  YESTERDAY       10                         4      6        0
  MONTH TO DATE   73                       115    -42      111
  SINCE JUL 1   2855                      2918    -63     3329

 COOLING
  YESTERDAY        0                         3     -3        0
  MONTH TO DATE   55                        37     18       45
  SINCE JAN 1     72                        59     13       61
..................................................................


WIND (MPH)
  HIGHEST WIND SPEED    13   HIGHEST WIND DIRECTION     S (160)
  HIGHEST GUST SPEED    15   HIGHEST GUST DIRECTION     W (290)
  AVERAGE WIND SPEED     6.1


SKY COVER
  AVERAGE SKY COVER 0.1


WEATHER CONDITIONS
 THE FOLLOWING WEATHER WAS RECORDED YESTERDAY.
  NO SIGNIFICANT WEATHER WAS OBSERVED.


RELATIVE HUMIDITY (PERCENT)
 HIGHEST    83           300 AM
 LOWEST     30           200 PM
 AVERAGE    57

..........................................................


THE WICHITA FALLS CLIMATE NORMALS FOR TODAY
                         NORMAL    RECORD    YEAR
 MAXIMUM TEMPERATURE (F)   77        97      1925
 MINIMUM TEMPERATURE (F)   51        34      1966


SUNRISE AND SUNSET
APRIL 21 2015.........SUNRISE   656 AM CDT   SUNSET   810 PM CDT
APRIL 22 2015.........SUNRISE   655 AM CDT   SUNSET   811 PM CDT


-  INDICATES NEGATIVE NUMBERS.
R  INDICATES RECORD WAS SET OR TIED.
MM INDICATES DATA IS MISSING.
T  INDICATES TRACE AMOUNT.




$$
