000
CDUS42 KJAX 180532
CLISSI


CLIMATE REPORT
NATIONAL WEATHER SERVICE JACKSONVILLE FL
131 AM EDT SAT APR 18 2015


...................................

...THE ST SIMONS ISLAND CLIMATE SUMMARY FOR APRIL 17 2015...

CLIMATE NORMAL PERIOD 1981 TO 2010
CLIMATE RECORD PERIOD 1948 TO 2015


WEATHER ITEM   OBSERVED TIME   RECORD YEAR NORMAL DEPARTURE LAST
                VALUE   (LST)  VALUE       VALUE  FROM      YEAR
                                                  NORMAL
..................................................................
TEMPERATURE (F)
 YESTERDAY
  MAXIMUM         74   1201 PM  88    2006  75     -1       64
                                      1967
  MINIMUM         59    613 AM  38    1962  58      1       57
  AVERAGE         67                        67      0       61

PRECIPITATION (IN)
  YESTERDAY        0.00          0.25 1991   0.08  -0.08      T
  MONTH TO DATE    2.46                      1.57   0.89     4.76
  SINCE MAR 1      4.83                      5.45  -0.62     7.30
  SINCE JAN 1     10.55                     12.14  -1.59    13.78

SNOWFALL (IN)
  YESTERDAY        0.0           0.0    MM                   0.0
  MONTH TO DATE    0.0                                       0.0
  SINCE MAR 1      0.0                                       0.0
  SINCE JUL 1      0.0                                        T
  SNOW DEPTH       0

DEGREE DAYS
 HEATING
  YESTERDAY        0                         2     -2        4
  MONTH TO DATE    0                        43    -43       23
  SINCE MAR 1    114                       220   -106      251
  SINCE JUL 1   1494                      1471     23     1479

 COOLING
  YESTERDAY        2                         3     -1        0
  MONTH TO DATE  100                        43     57       44
  SINCE MAR 1    130                        74     56       58
  SINCE JAN 1    136                        83     53       66
..................................................................


WIND (MPH)
  HIGHEST WIND SPEED     9   HIGHEST WIND DIRECTION    NW (330)
  HIGHEST GUST SPEED    17   HIGHEST GUST DIRECTION    SE (150)
  AVERAGE WIND SPEED     4.0


SKY COVER
  POSSIBLE SUNSHINE  MM
  AVERAGE SKY COVER 0.8


WEATHER CONDITIONS
 THE FOLLOWING WEATHER WAS RECORDED YESTERDAY.
  FOG


RELATIVE HUMIDITY (PERCENT)
 HIGHEST   100           500 AM
 LOWEST     73          1200 PM
 AVERAGE    87

..........................................................


THE ST SIMONS ISLAND CLIMATE NORMALS FOR TODAY
                         NORMAL    RECORD    YEAR
 MAXIMUM TEMPERATURE (F)   75        92      1967
 MINIMUM TEMPERATURE (F)   59        41      2001


SUNRISE AND SUNSET
APRIL 18 2015.........SUNRISE   655 AM EDT   SUNSET   756 PM EDT
APRIL 19 2015.........SUNRISE   653 AM EDT   SUNSET   756 PM EDT


-  INDICATES NEGATIVE NUMBERS.
R  INDICATES RECORD WAS SET OR TIED.
MM INDICATES DATA IS MISSING.
T  INDICATES TRACE AMOUNT.




$$
