000
CDUS43 KFSD 040709
CLISUX


CLIMATE REPORT
NATIONAL WEATHER SERVICE SIOUX FALLS SD
208 AM CDT MON MAY 4 2015


...................................

...THE SIOUX CITY IA CLIMATE SUMMARY FOR MAY 3 2015...

CLIMATE NORMAL PERIOD 1981 TO 2010
CLIMATE RECORD PERIOD 1889 TO 2015


WEATHER ITEM   OBSERVED TIME   RECORD YEAR NORMAL DEPARTURE LAST
                VALUE   (LST)  VALUE       VALUE  FROM      YEAR
                                                  NORMAL
..................................................................
TEMPERATURE (F)
 YESTERDAY
  MAXIMUM         87    440 PM  94    1949  69     18       67
  MINIMUM         56    541 AM  25    1976  44     12       36
  AVERAGE         72                        57     15       52

PRECIPITATION (IN)
  YESTERDAY        T             1.39 1928   0.11  -0.11      T
  MONTH TO DATE    0.18                      0.34  -0.16      T
  SINCE MAR 1      3.59                      5.29  -1.70     2.45
  SINCE JAN 1      4.55                      6.58  -2.03     3.22

SNOWFALL (IN)
  YESTERDAY        0.0           3.7  1917   0.1   -0.1      0.0
  MONTH TO DATE    0.0                       0.1   -0.1      0.0
  SINCE MAR 1      T                         8.4   -8.4     10.0
  SINCE JUL 1     21.5                      34.9  -13.4     23.8
  SNOW DEPTH       0

DEGREE DAYS
 HEATING
  YESTERDAY        0                         9     -9       13
  MONTH TO DATE    8                        29    -21       45
  SINCE MAR 1   1083                      1387   -304     1490
  SINCE JUL 1   6249                      6681   -432     7094

 COOLING
  YESTERDAY        7                         1      6        0
  MONTH TO DATE    7                         3      4        0
  SINCE MAR 1      8                        14     -6        9
  SINCE JAN 1      8                        14     -6        9
..................................................................


WIND (MPH)
  HIGHEST WIND SPEED    30   HIGHEST WIND DIRECTION    NE (30)
  HIGHEST GUST SPEED    38   HIGHEST GUST DIRECTION    NE (30)
  AVERAGE WIND SPEED     9.7


SKY COVER
  POSSIBLE SUNSHINE  MM
  AVERAGE SKY COVER 0.1


WEATHER CONDITIONS
 THE FOLLOWING WEATHER WAS RECORDED YESTERDAY.
  THUNDERSTORM
  LIGHT RAIN


RELATIVE HUMIDITY (PERCENT)
 HIGHEST    80           600 AM
 LOWEST     31           700 PM
 AVERAGE    56

..........................................................


THE SIOUX CITY IA CLIMATE NORMALS FOR TODAY
                         NORMAL    RECORD    YEAR
 MAXIMUM TEMPERATURE (F)   69        93      1952
 MINIMUM TEMPERATURE (F)   44        28      1944


SUNRISE AND SUNSET
MAY  4 2015...........SUNRISE   617 AM CDT   SUNSET   828 PM CDT
MAY  5 2015...........SUNRISE   616 AM CDT   SUNSET   829 PM CDT


-  INDICATES NEGATIVE NUMBERS.
R  INDICATES RECORD WAS SET OR TIED.
MM INDICATES DATA IS MISSING.
T  INDICATES TRACE AMOUNT.




$$
