000
CDUS41 KBGM 210608
CLISYR


CLIMATE REPORT
NATIONAL WEATHER SERVICE BINGHAMTON NY
206 AM EDT TUE APR 21 2015


...................................

...THE SYRACUSE NY CLIMATE SUMMARY FOR APRIL 20 2015...

CLIMATE NORMAL PERIOD 1981 TO 2010
CLIMATE RECORD PERIOD 1902 TO 2015


WEATHER ITEM   OBSERVED TIME   RECORD YEAR NORMAL DEPARTURE LAST
                VALUE   (LST)  VALUE       VALUE  FROM      YEAR
                                                  NORMAL
..................................................................
TEMPERATURE (F)
 YESTERDAY
  MAXIMUM         59    451 PM  90    1941  59      0       68
  MINIMUM         45    532 AM  20    1904  38      7       29
  AVERAGE         52                        49      3       49

PRECIPITATION (IN)
  YESTERDAY        0.44          1.36 2011   0.10   0.34      T
  MONTH TO DATE    2.48                      2.19   0.29     2.62
  SINCE MAR 1      4.00                      5.14  -1.14     6.10
  SINCE JAN 1      7.88                      9.71  -1.83    11.65

SNOWFALL (IN)
  YESTERDAY        0.0           4.2  1983   0.1   -0.1      0.0
  MONTH TO DATE    T                         3.3   -3.3      0.4
  SINCE MAR 1     12.3                      21.3   -9.0     22.1
  SINCE JUL 1    119.1                     123.2   -4.1    132.0
  SNOW DEPTH       0

DEGREE DAYS
 HEATING
  YESTERDAY       13                        16     -3       16
  MONTH TO DATE  359                       404    -45      399
  SINCE MAR 1   1528                      1361    167     1610
  SINCE JUL 1   6752                      6192    560     6702

 COOLING
  YESTERDAY        0                         0      0        0
  MONTH TO DATE    0                         0      0        1
  SINCE MAR 1      0                         0      0        1
  SINCE JAN 1      0                         0      0        1
..................................................................


WIND (MPH)
  HIGHEST WIND SPEED    30   HIGHEST WIND DIRECTION     E (100)
  HIGHEST GUST SPEED    40   HIGHEST GUST DIRECTION     E (100)
  AVERAGE WIND SPEED    14.7


SKY COVER
  POSSIBLE SUNSHINE  MM
  AVERAGE SKY COVER 0.9


WEATHER CONDITIONS
 THE FOLLOWING WEATHER WAS RECORDED YESTERDAY.
  THUNDERSTORM
  RAIN
  LIGHT RAIN
  FOG


RELATIVE HUMIDITY (PERCENT)
 HIGHEST    83           800 PM
 LOWEST     32           100 AM
 AVERAGE    58

..........................................................


THE SYRACUSE NY CLIMATE NORMALS FOR TODAY
                         NORMAL    RECORD    YEAR
 MAXIMUM TEMPERATURE (F)   60        87      1954
 MINIMUM TEMPERATURE (F)   39        24      1981


SUNRISE AND SUNSET
APRIL 21 2015.........SUNRISE   613 AM EDT   SUNSET   754 PM EDT
APRIL 22 2015.........SUNRISE   612 AM EDT   SUNSET   755 PM EDT


-  INDICATES NEGATIVE NUMBERS.
R  INDICATES RECORD WAS SET OR TIED.
MM INDICATES DATA IS MISSING.
T  INDICATES TRACE AMOUNT.




$$
