000
CDUS42 KTAE 270637
CLITLH


CLIMATE REPORT
NATIONAL WEATHER SERVICE TALLAHASSEE FL
236 AM EDT MON APR 27 2015


...................................

...THE TALLAHASSEE CLIMATE SUMMARY FOR APRIL 26 2015...

CLIMATE NORMAL PERIOD 1981 TO 2010
CLIMATE RECORD PERIOD 1896 TO 2015


WEATHER ITEM   OBSERVED TIME   RECORD YEAR NORMAL DEPARTURE LAST
                VALUE   (LST)  VALUE       VALUE  FROM      YEAR
                                                  NORMAL
..................................................................
TEMPERATURE (F)
 YESTERDAY
  MAXIMUM         90    419 PM  92    1989  82      8       88
                                      1942
  MINIMUM         66    500 AM  38    1910  55     11       63
  AVERAGE         78                        69      9       76

PRECIPITATION (IN)
  YESTERDAY        0.00          2.04 1973   0.08  -0.08     0.00
  MONTH TO DATE    4.14                      2.73   1.41     8.42
  SINCE MAR 1      7.29                      8.67  -1.38    18.65
  SINCE JAN 1     16.48                     17.86  -1.38    26.70

SNOWFALL (IN)
  YESTERDAY        0.0                       0.0    0.0

DEGREE DAYS
 HEATING
  YESTERDAY        0                               -1
  MONTH TO DATE    0                              -63
  SINCE MAR 1     75                             -169
  SINCE JUL 1   1441                             -146

 COOLING
  YESTERDAY       13                                8
  MONTH TO DATE  252                              174
  SINCE MAR 1    372                              254
  SINCE JAN 1    379                              247
..................................................................


WIND (MPH)
  HIGHEST WIND SPEED    15   HIGHEST WIND DIRECTION     W (270)
  HIGHEST GUST SPEED    18   HIGHEST GUST DIRECTION     W (270)
  AVERAGE WIND SPEED     6.3




RELATIVE HUMIDITY (PERCENT)
 HIGHEST    97
 LOWEST     40
 AVERAGE    69

..........................................................


THE TALLAHASSEE CLIMATE NORMALS FOR TODAY
                         NORMAL    RECORD    YEAR
 MAXIMUM TEMPERATURE (F)   83        95      1942
 MINIMUM TEMPERATURE (F)   55        39      1992
                                             1977


SUNRISE AND SUNSET
APRIL 27 2015.........SUNRISE   658 AM EDT   SUNSET   813 PM EDT
APRIL 28 2015.........SUNRISE   657 AM EDT   SUNSET   813 PM EDT


-  INDICATES NEGATIVE NUMBERS.
R  INDICATES RECORD WAS SET OR TIED.
MM INDICATES DATA IS MISSING.
T  INDICATES TRACE AMOUNT.




$$
