000
CDUS43 KTOP 182137
CLITOP


CLIMATE REPORT
NATIONAL WEATHER SERVICE TOPEKA KS
437 PM CDT SAT APR 18 2015


...................................

...THE TOPEKA KS CLIMATE SUMMARY FOR APRIL 18 2015...
VALID TODAY AS OF 0400 PM LOCAL TIME.

CLIMATE NORMAL PERIOD 1981 TO 2010
CLIMATE RECORD PERIOD 1887 TO 2015


WEATHER ITEM   OBSERVED TIME   RECORD YEAR NORMAL DEPARTURE LAST
                VALUE   (LST)  VALUE       VALUE  FROM      YEAR
                                                  NORMAL
..................................................................
TEMPERATURE (F)
 TODAY
  MAXIMUM         64    259 PM  92    1948  68     -4       70
  MINIMUM         57    602 AM  30    1961  44     13       31
  AVERAGE         61                        56      5       51

PRECIPITATION (IN)
  TODAY            0.70          2.10 1970   0.12   0.58     0.00
  MONTH TO DATE    1.78                      1.95  -0.17     1.29
  SINCE MAR 1      2.55                      4.44  -1.89     2.02
  SINCE JAN 1      4.54                      6.62  -2.08     3.68

SNOWFALL (IN)
  TODAY            0.0           T    2013   0.0    0.0      0.0
                                      1939
  MONTH TO DATE    0.0                       0.3   -0.3      0.1
  SINCE JAN 1      7.9                      11.3   -3.4     23.1
  SINCE JUL 1     10.3                      17.8   -7.5     27.4
  SNOW DEPTH       0

DEGREE DAYS
 HEATING
  TODAY            4                        10     -6       14
  MONTH TO DATE  116                       225   -109      256
  SINCE MAR 1    669                       853   -184      966
  SINCE JUL 1   4670                      4820   -150     5288

 COOLING
  TODAY            0                         1     -1        0
  MONTH TO DATE    5                        11     -6        5
  SINCE MAR 1      5                        14     -9        5
  SINCE JAN 1      5                        14     -9        5
..................................................................


WIND (MPH)
  HIGHEST WIND SPEED    18   HIGHEST WIND DIRECTION     S (180)
  HIGHEST GUST SPEED    23   HIGHEST GUST DIRECTION     S (190)
  AVERAGE WIND SPEED     2.8



WEATHER CONDITIONS
 THE FOLLOWING WEATHER WAS RECORDED TODAY.
  THUNDERSTORM
  HEAVY RAIN
  RAIN
  LIGHT RAIN
  FOG


RELATIVE HUMIDITY (PERCENT)
 HIGHEST    97          1000 AM
 LOWEST     78           300 PM
 AVERAGE    88

..........................................................


THE TOPEKA KS CLIMATE NORMALS FOR TOMORROW
                         NORMAL    RECORD    YEAR
 MAXIMUM TEMPERATURE (F)   68        91      1987
 MINIMUM TEMPERATURE (F)   45        27      1953


SUNRISE AND SUNSET
APRIL 18 2015.........SUNRISE   642 AM CDT   SUNSET   803 PM CDT
APRIL 19 2015.........SUNRISE   640 AM CDT   SUNSET   804 PM CDT


-  INDICATES NEGATIVE NUMBERS.
R  INDICATES RECORD WAS SET OR TIED.
MM INDICATES DATA IS MISSING.
T  INDICATES TRACE AMOUNT.




$$
