000
CDUS45 KCYS 270731
CLITOR


CLIMATE REPORT
NATIONAL WEATHER SERVICE CHEYENNE WY
131 AM MDT MON APR 27 2015


...................................

...THE TORRINGTON WY AIRPORT CLIMATE SUMMARY FOR APRIL 26 2015...

CLIMATE NORMAL PERIOD 1981 TO 2010
CLIMATE RECORD PERIOD 1998 TO 2015


WEATHER ITEM   OBSERVED TIME   RECORD YEAR NORMAL DEPARTURE LAST
                VALUE   (LST)  VALUE       VALUE  FROM      YEAR
                                                  NORMAL
..................................................................
TEMPERATURE (F)
 YESTERDAY
  MAXIMUM         50   1209 AM  86    2012  65    -15       74
  MINIMUM         42   1159 PM  26    2006  36      6       41
  AVERAGE         46                        50     -4       58

PRECIPITATION (IN)
  YESTERDAY        0.77R         0.32 2009   0.06   0.71     0.01
  MONTH TO DATE    3.05                      1.38   1.67     0.54
  SINCE JAN 1      3.96                      2.73   1.23     2.14

DEGREE DAYS
 HEATING
  YESTERDAY       19                        15      4        7
  MONTH TO DATE  445                       490    -45      451
  SINCE MAR 1   1091                      1330   -239     1302
  SINCE JUL 1   5805                      6174   -369     6417

 COOLING
  YESTERDAY        0                         0      0        0
  MONTH TO DATE    0                         0      0        0
  SINCE MAR 1      0                         0      0        0
  SINCE JAN 1      0                         0      0        0
..................................................................


WIND (MPH)
  HIGHEST WIND SPEED    24   HIGHEST WIND DIRECTION     E (110)
  HIGHEST GUST SPEED    30   HIGHEST GUST DIRECTION     E (110)
  AVERAGE WIND SPEED    10.9


SKY COVER
  AVERAGE SKY COVER 1.0


WEATHER CONDITIONS
 THE FOLLOWING WEATHER WAS RECORDED YESTERDAY.
  RAIN
  LIGHT RAIN
  FOG


RELATIVE HUMIDITY (PERCENT)
 HIGHEST   100           800 AM
 LOWEST     74          1200 AM
 AVERAGE    87

..........................................................


THE TORRINGTON WY AIRPORT CLIMATE NORMALS FOR TODAY
                         NORMAL    RECORD    YEAR
 MAXIMUM TEMPERATURE (F)   65        82      2004
                                             2001
 MINIMUM TEMPERATURE (F)   36        24      2010
                                             2008


SUNRISE AND SUNSET
APRIL 27 2015.........SUNRISE   558 AM MDT   SUNSET   751 PM MDT
APRIL 28 2015.........SUNRISE   557 AM MDT   SUNSET   752 PM MDT


-  INDICATES NEGATIVE NUMBERS.
R  INDICATES RECORD WAS SET OR TIED.
MM INDICATES DATA IS MISSING.
T  INDICATES TRACE AMOUNT.




$$
