000
CDUS42 KTBW 052120
CLITPA


CLIMATE REPORT
NATIONAL WEATHER SERVICE TAMPA BAY FL
517 PM EDT TUE MAY 5 2015


...................................

...THE TAMPA CLIMATE SUMMARY FOR MAY 5 2015...
VALID TODAY AS OF 0500 PM LOCAL TIME.

CLIMATE NORMAL PERIOD 1981 TO 2010
CLIMATE RECORD PERIOD 1890 TO 2015


WEATHER ITEM   OBSERVED TIME   RECORD YEAR NORMAL DEPARTURE LAST
                VALUE   (LST)  VALUE       VALUE  FROM      YEAR
                                                  NORMAL
..................................................................
TEMPERATURE (F)
 TODAY
  MAXIMUM         87    253 PM  93    2002  85      2       84
  MINIMUM         67    610 AM  49    1971  67      0       64
  AVERAGE         77                        76      1       74

PRECIPITATION (IN)
  TODAY            0.00          2.84 1904   0.05  -0.05     0.00
  MONTH TO DATE    0.00                      0.25  -0.25     3.49
  SINCE MAR 1      5.85                      5.31   0.54     9.33
  SINCE JAN 1     14.15                     10.35   3.80    14.28

DEGREE DAYS
 HEATING
  TODAY            0                         0      0        0
  MONTH TO DATE    0                         0      0        0
  SINCE MAR 1     12                        67    -55       48
  SINCE JUL 1    467                       538    -71      444

 COOLING
  TODAY           12                        11      1        9
  MONTH TO DATE   50                        54     -4       43
  SINCE MAR 1    715                       401    314      356
  SINCE JAN 1    782                       514    268      460
..................................................................


WIND (MPH)
  RESULTANT WIND SPEED   7   RESULTANT WIND DIRECTION   E (70)
  HIGHEST WIND SPEED    16   HIGHEST WIND DIRECTION    NE (40)
  HIGHEST GUST SPEED    26   HIGHEST GUST DIRECTION    NE (60)
  AVERAGE WIND SPEED     7.6


SKY COVER
  POSSIBLE SUNSHINE  MM
  AVERAGE SKY COVER 0.5


WEATHER CONDITIONS
 THE FOLLOWING WEATHER WAS RECORDED TODAY.
  NO SIGNIFICANT WEATHER WAS OBSERVED.


RELATIVE HUMIDITY (PERCENT)
 HIGHEST    87           600 AM
 LOWEST     39           300 PM

..........................................................


THE TAMPA CLIMATE NORMALS FOR TOMORROW
                         NORMAL    RECORD    YEAR
 MAXIMUM TEMPERATURE (F)   85        95      1995
 MINIMUM TEMPERATURE (F)   67        53      1970


SUNRISE AND SUNSET
MAY  5 2015...........SUNRISE   647 AM EDT   SUNSET   807 PM EDT
MAY  6 2015...........SUNRISE   647 AM EDT   SUNSET   807 PM EDT


-  INDICATES NEGATIVE NUMBERS.
R  INDICATES RECORD WAS SET OR TIED.
MM INDICATES DATA IS MISSING.
T  INDICATES TRACE AMOUNT.




$$


&&
------------------------------------------------------------------
******************** SUPPLEMENTAL DATA ***************************

...RUSKIN                HIGH 85    LOW 65    PCPN 0.00
...SARASOTA/BRADENTON    HIGH 86    LOW 65    PCPN 0.00
...LAKELAND              HIGH 84    LOW 66    PCPN T
...ST. PETERSBURG        HIGH 83    LOW 70    PCPN 0.00

...GULF WATER TEMPERATURE AT CLEARWATER BEACH 76
