000
CDUS46 KPQR 261147
CLITTD


CLIMATE REPORT
NATIONAL WEATHER SERVICE PORTLAND OREGON
446 AM PDT SUN APR 26 2015


...................................

...THE TROUTDALE OR CLIMATE SUMMARY FOR APRIL 25 2015...

CLIMATE NORMAL PERIOD 1981 TO 2010
CLIMATE RECORD PERIOD 1948 TO 2015


WEATHER ITEM   OBSERVED TIME   RECORD YEAR NORMAL DEPARTURE LAST
                VALUE   (LST)  VALUE       VALUE  FROM      YEAR
                                                  NORMAL
..................................................................
TEMPERATURE (F)
 YESTERDAY
  MAXIMUM         63    405 PM  82    2001  63      0       57
                                      1995
  MINIMUM         43   1155 PM  31    1955  42      1       44
  AVERAGE         53                        53      0       51

PRECIPITATION (IN)
  YESTERDAY        0.05                      0.12  -0.07      T
  MONTH TO DATE    2.17                      3.27  -1.10     3.05
  SINCE OCT 1     27.49                     37.58 -10.09    22.26
  SINCE JAN 1     12.53                     19.18  -6.65    14.67

DEGREE DAYS
 HEATING
  YESTERDAY       12                        12      0       14
  MONTH TO DATE  334                       348    -14      286

 COOLING
  YESTERDAY        0                         0      0        0
  MONTH TO DATE    0                         0      0        0
..................................................................


WIND (MPH)
  HIGHEST WIND SPEED    15   HIGHEST WIND DIRECTION     W (250)
  HIGHEST GUST SPEED    20   HIGHEST GUST DIRECTION     W (250)
  AVERAGE WIND SPEED     4.5


SKY COVER
  POSSIBLE SUNSHINE  MM
  AVERAGE SKY COVER 0.5


WEATHER CONDITIONS
 THE FOLLOWING WEATHER WAS RECORDED YESTERDAY.
  LIGHT RAIN
  FOG


RELATIVE HUMIDITY (PERCENT)
 HIGHEST    86          1200 AM
 LOWEST     30           400 PM
 AVERAGE    58

..........................................................


THE TROUTDALE OR CLIMATE NORMALS FOR TODAY
                         NORMAL    RECORD    YEAR
 MAXIMUM TEMPERATURE (F)   64        89      1987
 MINIMUM TEMPERATURE (F)   42        32      1948


SUNRISE AND SUNSET
APRIL 26 2015.........SUNRISE   606 AM PDT   SUNSET   810 PM PDT
APRIL 27 2015.........SUNRISE   604 AM PDT   SUNSET   811 PM PDT


-  INDICATES NEGATIVE NUMBERS.
R  INDICATES RECORD WAS SET OR TIED.
MM INDICATES DATA IS MISSING.
T  INDICATES TRACE AMOUNT.




$$
