000
CDUS44 KTSA 172133
CLITUL

CLIMATE REPORT
NATIONAL WEATHER SERVICE TULSA OK
418 PM CDT FRI APR 17 2015


...................................

...THE TULSA OKLAHOMA CLIMATE SUMMARY FOR APRIL 17 2015...
VALID TODAY AS OF 0400 PM LOCAL TIME.

CLIMATE NORMAL PERIOD 1981 TO 2010
CLIMATE RECORD PERIOD 1882 TO 2015


WEATHER ITEM   OBSERVED TIME   RECORD YEAR NORMAL DEPARTURE LAST
                VALUE   (LST)  VALUE       VALUE  FROM      YEAR
                                                  NORMAL
..................................................................
TEMPERATURE (F)
 TODAY
  MAXIMUM         79    232 PM  95    2006  72      7       63
  MINIMUM         60    605 AM  28    1921  50     10       40
  AVERAGE         70                        61      9       52

PRECIPITATION (IN)
  TODAY            0.00          1.75 1953   0.12  -0.12      T
  MONTH TO DATE    1.64                      1.88  -0.24     0.56
  SINCE MAR 1      5.35                      5.17   0.18     2.92
  SINCE JAN 1      7.67                      8.68  -1.01     3.37

SNOWFALL (IN)
  TODAY            0.0                                       0.0
  MONTH TO DATE    0.0                                        T
  SINCE MAR 1      0.3                                       2.4
  SINCE JUL 1      8.5                                      12.4

DEGREE DAYS
 HEATING
  TODAY            0                         6     -6       13
  MONTH TO DATE   66                       132    -66      154
  SINCE MAR 1    447                       570   -123      716
  SINCE JUL 1   3462                      3481    -19     4017

 COOLING
  TODAY            5                         2      3        0
  MONTH TO DATE   50                        23     27       17
  SINCE MAR 1     63                        34     29       18
  SINCE JAN 1     63                        35     28       18
..................................................................


WIND (MPH)
  HIGHEST WIND SPEED    15   HIGHEST WIND DIRECTION    NE (40)
  HIGHEST GUST SPEED    20   HIGHEST GUST DIRECTION    SE (150)
  AVERAGE WIND SPEED     5.5


SKY COVER
  POSSIBLE SUNSHINE  MM
  AVERAGE SKY COVER 0.9


WEATHER CONDITIONS
 THE FOLLOWING WEATHER WAS RECORDED TODAY.
  NO SIGNIFICANT WEATHER WAS OBSERVED.


RELATIVE HUMIDITY (PERCENT)
 HIGHEST    90           300 AM
 LOWEST     56           200 PM
 AVERAGE    73

..........................................................


THE TULSA OKLAHOMA CLIMATE NORMALS FOR TOMORROW
                         NORMAL    RECORD    YEAR
 MAXIMUM TEMPERATURE (F)   73        98      1925
 MINIMUM TEMPERATURE (F)   50        29      1953


SUNRISE AND SUNSET
APRIL 17 2015.........SUNRISE   648 AM CDT   SUNSET   759 PM CDT
APRIL 18 2015.........SUNRISE   647 AM CDT   SUNSET   800 PM CDT


-  INDICATES NEGATIVE NUMBERS.
R  INDICATES RECORD WAS SET OR TIED.
MM INDICATES DATA IS MISSING.
T  INDICATES TRACE AMOUNT.




$$

&&
...........................................................

TULSA RECORD LOW MAX AND HIGH MIN TEMPERATURES FOR TOMORROW
                      RECORD        YEAR
  LOW MAXIMUM           48          1953
  HIGH MINIMUM          70          1963
...........................................................
ALL DATA MEASURED AT THE TULSA INTERNATIONAL AIRPORT...
EXCEPT SNOWFALL...WHICH IS MEASURED AT THE NWS OFFICE.
