000
CDUS45 KTWC 040825
CLITUS

CLIMATE REPORT
NATIONAL WEATHER SERVICE TUCSON AZ
124 AM MST MON MAY 4 2015


...................................

...THE TUCSON AZ CLIMATE SUMMARY FOR MAY 3 2015...

CLIMATE NORMAL PERIOD 1981 TO 2010
CLIMATE RECORD PERIOD 1895 TO 2015


WEATHER ITEM   OBSERVED TIME   RECORD YEAR NORMAL DEPARTURE LAST
                VALUE   (LST)  VALUE       VALUE  FROM      YEAR
                                                  NORMAL
..................................................................
TEMPERATURE (F)
 YESTERDAY
  MAXIMUM         90    212 PM 105    1947  87      3       96
  MINIMUM         62    514 AM  32    1899  57      5       59
  AVERAGE         76                        72      4       78

PRECIPITATION (IN)
  YESTERDAY        T             0.57 1930   0.01  -0.01     0.00
  MONTH TO DATE    T                         0.02  -0.02     0.00
  SINCE OCT 1      7.11                      5.25   1.86     3.66
  SINCE JAN 1      3.61                      2.86   0.75     0.61

DEGREE DAYS
 HEATING
  YESTERDAY        0                         1     -1        0
  MONTH TO DATE    0                         3     -3        0
  SINCE MAR 1     60                       242   -182       66
  SINCE JUL 1    902                      1509   -607      899

 COOLING
  YESTERDAY       11                         8      3       13
  MONTH TO DATE   41                        22     19       29
  SINCE MAR 1    276                       172    104      217
  SINCE JAN 1    284                       176    108      241
..................................................................


WIND (MPH)
  HIGHEST WIND SPEED    21   HIGHEST WIND DIRECTION    SE (140)
  HIGHEST GUST SPEED    25   HIGHEST GUST DIRECTION     S (160)
  AVERAGE WIND SPEED     7.0


SKY COVER
  POSSIBLE SUNSHINE  MM
  AVERAGE SKY COVER 0.3


WEATHER CONDITIONS
 THE FOLLOWING WEATHER WAS RECORDED YESTERDAY.
  NO SIGNIFICANT WEATHER WAS OBSERVED.


RELATIVE HUMIDITY (PERCENT)
 HIGHEST    46
 LOWEST     12
 AVERAGE    29

..........................................................


THE TUCSON AZ CLIMATE NORMALS FOR TODAY
                         NORMAL    RECORD    YEAR
 MAXIMUM TEMPERATURE (F)   88       103      1947
 MINIMUM TEMPERATURE (F)   57        35      1899


SUNRISE AND SUNSET
MAY  4 2015...........SUNRISE   535 AM MST   SUNSET   706 PM MST
MAY  5 2015...........SUNRISE   534 AM MST   SUNSET   707 PM MST


-  INDICATES NEGATIVE NUMBERS.
R  INDICATES RECORD WAS SET OR TIED.
MM INDICATES DATA IS MISSING.
T  INDICATES TRACE AMOUNT.




$$
