000
CDUS44 KSHV 250753
CLITXK


CLIMATE REPORT
NATIONAL WEATHER SERVICE SHREVEPORT, LA
250 AM CDT SAT APR 25 2015


...................................

...THE TEXARKANA CLIMATE SUMMARY FOR APRIL 24 2015...

CLIMATE NORMAL PERIOD 1981 TO 2010
CLIMATE RECORD PERIOD 1896 TO 2015


WEATHER ITEM   OBSERVED TIME   RECORD YEAR NORMAL DEPARTURE LAST
                VALUE   (LST)  VALUE       VALUE  FROM      YEAR
                                                  NORMAL
..................................................................
TEMPERATURE (F)
 YESTERDAY
  MAXIMUM         64    723 PM  95    1965  77    -13       81
  MINIMUM         56    746 AM  38    1903  55      1       58
  AVERAGE         60                        66     -6       70

PRECIPITATION (IN)
  YESTERDAY        3.10          3.43 1964   0.14   2.96      T
  MONTH TO DATE    7.66                      3.04   4.62     2.29
  SINCE DEC 1     27.44                     19.68   7.76    15.35
  SINCE JAN 1     24.76                     14.63  10.13     9.52

SNOWFALL (IN)
  YESTERDAY        0.0
  MONTH TO DATE    0.0
  SINCE MAR 1      1.0
  SINCE JUL 1      5.2
  SNOW DEPTH       0

DEGREE DAYS
 HEATING
  YESTERDAY        5                         2      3        0
  MONTH TO DATE   67                        99    -32      133
  SINCE MAR 1    407                       399      8      527
  SINCE JUL 1   2788                      2593    195     2995

 COOLING
  YESTERDAY        0                         3     -3        5
  MONTH TO DATE   68                        53     15       48
  SINCE MAR 1     84                        72     12       55
  SINCE JAN 1     84                        76      8       55
..................................................................


WIND (MPH)
  HIGHEST WIND SPEED    25   HIGHEST WIND DIRECTION    NW (300)
  HIGHEST GUST SPEED    30   HIGHEST GUST DIRECTION    NW (300)
  AVERAGE WIND SPEED     6.7


SKY COVER
  POSSIBLE SUNSHINE  MM
  AVERAGE SKY COVER 0.9


WEATHER CONDITIONS
 THE FOLLOWING WEATHER WAS RECORDED YESTERDAY.
  THUNDERSTORM
  HEAVY RAIN
  RAIN
  LIGHT RAIN
  FOG
  FOG W/VISIBILITY <= 1/4 MILE


RELATIVE HUMIDITY (PERCENT)
 HIGHEST   100           100 PM
 LOWEST     93          1200 AM
 AVERAGE    97

..........................................................


THE TEXARKANA CLIMATE NORMALS FOR TODAY
                         NORMAL    RECORD    YEAR
 MAXIMUM TEMPERATURE (F)   78        91      1900
 MINIMUM TEMPERATURE (F)   55        33      1898


SUNRISE AND SUNSET
APRIL 25 2015.........SUNRISE   634 AM CDT   SUNSET   754 PM CDT
APRIL 26 2015.........SUNRISE   633 AM CDT   SUNSET   755 PM CDT


-  INDICATES NEGATIVE NUMBERS.
R  INDICATES RECORD WAS SET OR TIED.
MM INDICATES DATA IS MISSING.
T  INDICATES TRACE AMOUNT.




$$
