000
CDUS43 KLOT 190632
CLIUGN


CLIMATE REPORT
NATIONAL WEATHER SERVICE CHICAGO IL
132 AM CDT SUN APR 19 2015


...................................

...THE WAUKEGAN   CLIMATE SUMMARY FOR APRIL 18 2015...

CLIMATE NORMAL PERIOD 1981 TO 2010
CLIMATE RECORD PERIOD 2000 TO 2015


WEATHER ITEM   OBSERVED TIME   RECORD YEAR NORMAL DEPARTURE LAST
                VALUE   (LST)  VALUE       VALUE  FROM      YEAR
                                                  NORMAL
..................................................................
TEMPERATURE (F)
 YESTERDAY
  MAXIMUM         61    624 AM  89    2002  56      5       45
  MINIMUM         44    811 PM  24    2001  38      6       34
  AVERAGE         53

PRECIPITATION (IN)
  YESTERDAY        0.00          1.93 2013   0.12  -0.12     0.00
  MONTH TO DATE    3.23                      1.91   1.32     1.48
  SINCE MAR 1      3.87                      4.23  -0.36     2.24
  SINCE JAN 1      4.41                      7.28  -2.87     4.26

DEGREE DAYS
 HEATING
  YESTERDAY       12                        18     -6       25
  MONTH TO DATE  310                       384    -74      420
  SINCE MAR 1   1316                      1308      8     1559
  SINCE JUL 1   6841                      6254    587     7428

 COOLING
  YESTERDAY        0                         0      0        0
  MONTH TO DATE    0                         0      0        0
  SINCE MAR 1      0                         0      0        0
  SINCE JAN 1      0                         0      0        0
..................................................................


WIND (MPH)
  RESULTANT WIND SPEED  11   RESULTANT WIND DIRECTION   N (10)
  HIGHEST WIND SPEED    25   HIGHEST WIND DIRECTION     N (10)
  HIGHEST GUST SPEED    36   HIGHEST GUST DIRECTION     N (10)
  AVERAGE WIND SPEED    12.1


SKY COVER
  POSSIBLE SUNSHINE  MM
  AVERAGE SKY COVER 0.0


WEATHER CONDITIONS
 THE FOLLOWING WEATHER WAS RECORDED YESTERDAY.
  LIGHT RAIN
  HAZE


RELATIVE HUMIDITY (PERCENT)
 HIGHEST    86
 LOWEST     50
 AVERAGE    68

..........................................................


THE WAUKEGAN   CLIMATE NORMALS FOR TODAY
                         NORMAL    RECORD    YEAR
 MAXIMUM TEMPERATURE (F)   57        80      2005
 MINIMUM TEMPERATURE (F)   38        31      2010


SUNRISE AND SUNSET
APRIL 19 2015.........SUNRISE   605 AM CDT   SUNSET   737 PM CDT
APRIL 20 2015.........SUNRISE   603 AM CDT   SUNSET   739 PM CDT


-  INDICATES NEGATIVE NUMBERS.
R  INDICATES RECORD WAS SET OR TIED.
MM INDICATES DATA IS MISSING.
T  INDICATES TRACE AMOUNT.




$$
