000
CDUS44 KCRP 190912 RRA
CLIVCT

CLIMATE REPORT
NATIONAL WEATHER SERVICE CORPUS CHRISTI TX
409 AM CDT SUN APR 19 2015


...................................

...THE VICTORIA CLIMATE SUMMARY FOR APRIL 18 2015...

CLIMATE NORMAL PERIOD 1981 TO 2010
CLIMATE RECORD PERIOD 1893 TO 2015


WEATHER ITEM   OBSERVED TIME   RECORD YEAR NORMAL DEPARTURE LAST
                VALUE   (LST)  VALUE       VALUE  FROM      YEAR
                                                  NORMAL
..................................................................
TEMPERATURE (F)
 YESTERDAY
  MAXIMUM         74   1207 PM  93    1920  81     -7       82
  MINIMUM         64   1140 PM  42    1921  60      4       59
  AVERAGE         69                        70     -1       71

PRECIPITATION (IN)
  YESTERDAY        0.08          1.69 1976   0.09  -0.01     0.00
  MONTH TO DATE    4.83                      1.61   3.22     0.38
  SINCE MAR 1     13.20                      4.38   8.82     2.00
  SINCE JAN 1     17.25                      8.98   8.27     3.66

SNOWFALL (IN)
  YESTERDAY        0.0
  MONTH TO DATE    0.0
  SINCE MAR 1      0.0
  SINCE JUL 1      0.0
  SNOW DEPTH       0

DEGREE DAYS
 HEATING
  YESTERDAY        0                         1     -1        0
  MONTH TO DATE    0                        25    -25       32
  SINCE MAR 1    139                       150    -11      237
  SINCE JUL 1   1219                      1243    -24     1490

 COOLING
  YESTERDAY        4                         6     -2        6
  MONTH TO DATE  143                        88     55       79
  SINCE MAR 1    203                       162     41      131
  SINCE JAN 1    218                       200     18      189
..................................................................


WIND (MPH)
  HIGHEST WIND SPEED    30   HIGHEST WIND DIRECTION     E (90)
  HIGHEST GUST SPEED    37   HIGHEST GUST DIRECTION     E (90)
  AVERAGE WIND SPEED     7.7


SKY COVER
  POSSIBLE SUNSHINE  MM
  AVERAGE SKY COVER 0.5


WEATHER CONDITIONS
 THE FOLLOWING WEATHER WAS RECORDED YESTERDAY.
  RAIN
  LIGHT RAIN
  FOG


RELATIVE HUMIDITY (PERCENT)
 HIGHEST   100           300 AM
 LOWEST     64           500 PM
 AVERAGE    82

..........................................................


THE VICTORIA CLIMATE NORMALS FOR TODAY
                         NORMAL    RECORD    YEAR
 MAXIMUM TEMPERATURE (F)   81        93      2011
 MINIMUM TEMPERATURE (F)   60        44      1953
                                             1940


SUNRISE AND SUNSET
APRIL 19 2015.........SUNRISE   658 AM CDT   SUNSET   756 PM CDT
APRIL 20 2015.........SUNRISE   657 AM CDT   SUNSET   757 PM CDT


-  INDICATES NEGATIVE NUMBERS.
R  INDICATES RECORD WAS SET OR TIED.
MM INDICATES DATA IS MISSING.
T  INDICATES TRACE AMOUNT.




$$
