000
CDUS43 KSGF 070628
CLIVIH


CLIMATE REPORT
NATIONAL WEATHER SERVICE SPRINGFIELD MO
126 AM CDT THU MAY 7 2015


...................................

...THE VICHY-ROLLA MO CLIMATE SUMMARY FOR MAY 6 2015...

CLIMATE NORMAL PERIOD 1981 TO 2010
CLIMATE RECORD PERIOD 1888 TO 2015


WEATHER ITEM   OBSERVED TIME   RECORD YEAR NORMAL DEPARTURE LAST
                VALUE   (LST)  VALUE       VALUE  FROM      YEAR
                                                  NORMAL
..................................................................
TEMPERATURE (F)
 YESTERDAY
  MAXIMUM         82    152 PM  88    1949  72     10       87
  MINIMUM         61    545 AM  36    1958  50     11       57
  AVERAGE         72                        61     11       72

PRECIPITATION (IN)
  YESTERDAY        T             2.80 1975   0.17  -0.17     0.00
  MONTH TO DATE    0.01                      0.98  -0.97     0.00
  SINCE MAR 1      5.15                      8.65  -3.50     4.36
  SINCE JAN 1      7.43                     12.75  -5.32     5.82

DEGREE DAYS
 HEATING
  YESTERDAY        0                         5     -5        0
  MONTH TO DATE   12                        34    -22       37
  SINCE MAR 1    850                       962   -112     1083
  SINCE JUL 1   4967                      4752    215     5389

 COOLING
  YESTERDAY        7                         1      6        7
  MONTH TO DATE   25                         6     19       22
  SINCE MAR 1     38                        32      6       34
  SINCE JAN 1     38                        32      6       34
..................................................................


WIND (MPH)
  HIGHEST WIND SPEED    25   HIGHEST WIND DIRECTION     S (180)
  HIGHEST GUST SPEED    32   HIGHEST GUST DIRECTION     S (180)
  AVERAGE WIND SPEED    12.5


SKY COVER
  AVERAGE SKY COVER 0.2


WEATHER CONDITIONS
 THE FOLLOWING WEATHER WAS RECORDED YESTERDAY.
  LIGHT RAIN


RELATIVE HUMIDITY (PERCENT)
 HIGHEST    73          1200 AM
 LOWEST     39           300 PM
 AVERAGE    56

..........................................................


THE VICHY-ROLLA MO CLIMATE NORMALS FOR TODAY
                         NORMAL    RECORD    YEAR
 MAXIMUM TEMPERATURE (F)   72        90      1966
 MINIMUM TEMPERATURE (F)   51        35      1976


SUNRISE AND SUNSET
MAY  7 2015...........SUNRISE   604 AM CDT   SUNSET   804 PM CDT
MAY  8 2015...........SUNRISE   603 AM CDT   SUNSET   804 PM CDT


-  INDICATES NEGATIVE NUMBERS.
R  INDICATES RECORD WAS SET OR TIED.
MM INDICATES DATA IS MISSING.
T  INDICATES TRACE AMOUNT.




$$
