000
CDUS41 KBTV 050526
CLIVSF

CLIMATE REPORT
NATIONAL WEATHER SERVICE BURLINGTON VT
120 AM EDT TUE MAY 5 2015

...................................

...THE SPRINGFIELD VT CLIMATE SUMMARY FOR MAY 4 2015...

CLIMATE NORMAL PERIOD 1981 TO 2010
CLIMATE RECORD PERIOD 9999 TO 9999


WEATHER ITEM   OBSERVED TIME   NORMAL DEPARTURE LAST
                VALUE   (LST)  VALUE  FROM      YEAR
                                      NORMAL
......................................................
TEMPERATURE (F)
 YESTERDAY
  MAXIMUM         84    246 PM  64     20       53
  MINIMUM         40    505 AM  39      1       41
  AVERAGE         62            52     10       47

PRECIPITATION (IN)
  YESTERDAY        0.00          0.10  -0.10     0.05
  MONTH TO DATE    T             0.40  -0.40     0.38
  SINCE MAR 1      3.09          7.32  -4.23     6.10
  SINCE JAN 1      7.24         12.93  -5.69     9.79

DEGREE DAYS
 HEATING
  YESTERDAY        3            13    -10       18
  MONTH TO DATE   36            55    -19       61
  SINCE MAR 1   1895          1716    179     1978
  SINCE JUL 1   7447          7161    286     7689

 COOLING
  YESTERDAY        0             0      0        0
  MONTH TO DATE    0             0      0        0
  SINCE MAR 1      0             2     -2        0
  SINCE JAN 1      0             2     -2        0
......................................................


WIND (MPH)
  HIGHEST WIND SPEED    21   HIGHEST WIND DIRECTION     W (280)
  HIGHEST GUST SPEED    28   HIGHEST GUST DIRECTION     W (290)
  AVERAGE WIND SPEED     4.0


SKY COVER
  AVERAGE SKY COVER 0.2


WEATHER CONDITIONS
 THE FOLLOWING WEATHER WAS RECORDED YESTERDAY.
  NO SIGNIFICANT WEATHER WAS OBSERVED.


RELATIVE HUMIDITY (PERCENT)
 HIGHEST   100           500 AM
 LOWEST     16          1200 PM
 AVERAGE    58

..........................................................


THE SPRINGFIELD VT CLIMATE NORMALS FOR TODAY
                         NORMAL    RECORD    YEAR
 MAXIMUM TEMPERATURE (F)   65        78      2010
 MINIMUM TEMPERATURE (F)   40        28      2005


SUNRISE AND SUNSET
MAY  5 2015...........SUNRISE   538 AM EDT   SUNSET   756 PM EDT
MAY  6 2015...........SUNRISE   537 AM EDT   SUNSET   757 PM EDT


-  INDICATES NEGATIVE NUMBERS.
R  INDICATES RECORD WAS SET OR TIED.
MM INDICATES DATA IS MISSING.
T  INDICATES TRACE AMOUNT.

$$
