000
CDUS45 KRIW 270759
CLIWRL


CLIMATE REPORT
NATIONAL WEATHER SERVICE RIVERTON WY
155 AM MDT MON APR 27 2015


...................................

...THE WORLAND WY CLIMATE SUMMARY FOR APRIL 26 2015...

CLIMATE NORMAL PERIOD 1981 TO 2010
CLIMATE RECORD PERIOD 1947 TO 2015


WEATHER ITEM   OBSERVED TIME   RECORD YEAR NORMAL DEPARTURE LAST
                VALUE   (LST)  VALUE       VALUE  FROM      YEAR
                                                  NORMAL
..................................................................
TEMPERATURE (F)
 YESTERDAY
  MAXIMUM         47    359 PM  85    2012  63    -16       66
  MINIMUM         37    347 AM  23    2010  34      3       40
  AVERAGE         42                        49     -7       53

PRECIPITATION (IN)
  YESTERDAY        0.09          0.72 1964   0.04   0.05      T
  MONTH TO DATE    0.26                      0.69  -0.43     0.27
  SINCE MAR 1      0.26                      1.15  -0.89     0.67
  SINCE JAN 1      1.03                      1.57  -0.54     1.05

DEGREE DAYS
 HEATING
  YESTERDAY       23                        16      7       12
  MONTH TO DATE  493                       519    -26      500
  SINCE MAR 1   1214                      1404   -190     1440
  SINCE JUL 1   7123                      7405   -282     7820

 COOLING
  YESTERDAY        0                         0      0        0
  MONTH TO DATE    0                         0      0        0
  SINCE MAR 1      0                         0      0        0
  SINCE JAN 1      0                         0      0        0
..................................................................


WIND (MPH)
  HIGHEST WIND SPEED    15   HIGHEST WIND DIRECTION    NW (330)
  HIGHEST GUST SPEED    18   HIGHEST GUST DIRECTION    NW (330)
  AVERAGE WIND SPEED     7.4


SKY COVER
  POSSIBLE SUNSHINE  MM
  AVERAGE SKY COVER 1.0


WEATHER CONDITIONS
 THE FOLLOWING WEATHER WAS RECORDED YESTERDAY.
  LIGHT RAIN
  FOG


RELATIVE HUMIDITY (PERCENT)
 HIGHEST    92          1000 AM
 LOWEST     70          1200 AM
 AVERAGE    81

..........................................................


THE WORLAND WY CLIMATE NORMALS FOR TODAY
                         NORMAL    RECORD    YEAR
 MAXIMUM TEMPERATURE (F)   64        85      1992
 MINIMUM TEMPERATURE (F)   35        23      1994


SUNRISE AND SUNSET
APRIL 27 2015.........SUNRISE   610 AM MDT   SUNSET   810 PM MDT
APRIL 28 2015.........SUNRISE   608 AM MDT   SUNSET   811 PM MDT


-  INDICATES NEGATIVE NUMBERS.
R  INDICATES RECORD WAS SET OR TIED.
MM INDICATES DATA IS MISSING.
T  INDICATES TRACE AMOUNT.




$$
