000
CDAK47 PAYA 180925
CLIYAK

CLIMATE REPORT
NATIONAL WEATHER SERVICE YAKUTAT, AK
125 AM AKDT SAT APR 18 2015

...................................
...THE YAKUTAT AP CLIMATE SUMMARY FOR APRIL 17 2015...

CLIMATE NORMAL PERIOD  1981 TO  2010
CLIMATE RECORD PERIOD  1948 TO  2015

WEATHER ITEM   OBSERVED TIME    RECORD YEAR NORMAL DEPARTURE LAST
               VALUE    (LST)   VALUE       VALUE  FROM      YEAR
                                                   NORMAL
...................................................................
TEMPERATURE
YESTERDAY
 MAXIMUM            45  0248 PM    57  1999     46      -1     53
 MINIMUM            33  0608 AM    13  1967     30       3     27
 AVERAGE            39                          38       1     40

PRECIPITATION
(INCHES)
 YESTERDAY        0.22           2.66  1968   0.29   -0.07   0.08
 MONTH TO DATE    8.97                        5.41    3.56   2.94
 SINCE MAR 1     19.39                       16.45    2.94   6.99
 SINCE JAN 1     43.76                       40.97    2.79  34.05

SNOWFALL
(INCHES)
 YESTERDAY         0.2            8.5  1982    0.2     0.0    0.0
 MONTH TO DATE     6.7                         7.9    -1.2    5.8
 SINCE MAR 1      34.2                        35.1    -0.9   13.6
 SINCE JUL 1      47.0                       137.3   -90.3  109.0
 SNOW DEPTH (IN)     T                                          T

DEGREE DAYS
 HEATING
  YESTERDAY         26                          27      -1     25
  MONTH TO DATE    458                         488     -30    501
  SINCE MAR 1     1381                        1510    -129   1580
  SINCE JUL 1     6813                        7639    -826   7393

 COOLING
  YESTERDAY          0                           0       0      0
  MONTH TO DATE      0                           0       0      0
  SINCE MAR 1        0                           0       0      0
  SINCE JAN 1        0                           0       0      0
...................................................................

WIND (MPH)
 HIGHEST WIND SPEED    15     HIGHEST WIND DIRECTION     80
 HIGHEST GUST SPEED    26     HIGHEST GUST DIRECTION     90
 AVERAGE WIND SPEED   6.5

SKY COVER
  POSSIBLE SUNSHINE    MM          AVERAGE SKY COVER     MM

WEATHER CONDITIONS
 THE FOLLOWING WEATHER WAS RECORDED YESTERDAY.
  FOG
SLEET
HAIL
RAIN


RELATIVE HUMIDITY
 HIGHEST RH     MM PERCENT       MM
 LOWEST  RH     MM PERCENT       MM
 AVERAGE RH     MM PERCENT       MM
...................................................................

THE YAKUTAT CLIMATE NORMALS FOR TODAY
                           NORMAL    RECORD   YEAR
 MAXIMUM TEMPERATURE (F)     46        58     1993
 MINIMUM TEMPERATURE (F)     30        12     1963

SUNRISE AND SUNSET
 APR 18 2015..........SUNRISE  5:55 AM      SUNSET  8:43 PM
 APR 19 2015..........SUNRISE  5:53 AM      SUNSET  8:46 PM

-  INDICATES NEGATIVE NUMBERS.
R  INDICATES RECORD HAS BEEN SET OR TIED.
MM INDICATES DATA IS MISSING.
T  INDICATES TRACE OF PRECIPITATION.

&&
-------------------------------------------------------------------

AMOUNT OF DAYLIGHT TODAY  (HOUR:MIN)........14 HOURS 48 MINUTES
GAIN/LOSS SINCE YESTERDAY (HOUR:MIN:SEC)....+0:05:16

$$
*** APR 15
