000
CXUS53 KGRB 010728
CLMAUW


CLIMATE REPORT
NATIONAL WEATHER SERVICE GREEN BAY
227 AM CDT WED APR 1 2015

...................................

...THE WAUSAU WI CLIMATE SUMMARY FOR THE MONTH OF MARCH 2015...

CLIMATE NORMAL PERIOD 1981 TO 2010
CLIMATE RECORD PERIOD 1896 TO 2015

WEATHER         OBSERVED          NORMAL  DEPART  LAST YEAR`S
                 VALUE   DATE(S)  VALUE   FROM    VALUE  DATE(S)
                                          NORMAL
................................................................
TEMPERATURE (F)
RECORD
 HIGH              80   03/30/1910
                        03/29/1910
 LOW              -24   03/05/1917
HIGHEST            63   03/13        61       2       53  03/30
LOWEST             -9   03/05        -2      -7      -18  03/03
AVG. MAXIMUM     42.0              39.5     2.5     30.8
AVG. MINIMUM     20.9              20.5     0.4     12.7
MEAN             31.4              30.0     1.4     21.8
DAYS MAX >= 90      0               0.0     0.0        0
DAYS MAX <= 32      7               7.1    -0.1       15
DAYS MIN <= 32     27              26.8     0.2       30
DAYS MIN <= 0       3               1.9     1.1        5

PRECIPITATION (INCHES)
RECORD
 MAXIMUM         4.66   1977
 MINIMUM         0.05   1960
TOTALS           0.82              1.76   -0.94     0.75
DAILY AVG.       0.03              0.06   -0.03     0.02
DAYS >= .01         6               9.2    -3.2        8
DAYS >= .10         4               4.7    -0.7        2
DAYS >= .50         0               0.9    -0.9
DAYS >= 1.00        0               0.2    -0.2        0
GREATEST
 STORM TOTAL       MM
 (MM/DD(HH))            MM

SNOWFALL (INCHES)
RECORDS
 TOTAL           36.2   1956
 24 HR TOTAL      5.3   03/05/2004 TO 03/05/2004
TOTALS            4.5              10.0    -5.5      6.3
SINCE 7/1        48.5              55.3    -6.8     75.9
DAYS >= TRACE       7               6.2     0.8
DAYS >= 1.0         2               2.9    -0.9        1
GREATEST
 SNOW DEPTH        11   03/06                         26  03/04
                        03/05
                        03/04
 24 HR TOTAL      3.0   03/25 TO 03/25

DEGREE_DAYS
HEATING TOTAL    1033              1085     -52     1332
 SINCE 7/1       7613              7221     392     8279
COOLING TOTAL       0                 0       0        0
 SINCE 1/1          0                 0       0        0
.................................................................

WIND (MPH)
AVERAGE WIND SPEED              8.7
HIGHEST WIND SPEED/DIRECTION    29/270    DATE  03/25
HIGHEST GUST SPEED/DIRECTION   176/140    DATE  03/22

SKY COVER
POSSIBLE SUNSHINE (PERCENT)   MM
AVERAGE SKY COVER           0.30
NUMBER OF DAYS FAIR           15
NUMBER OF DAYS PC             12
NUMBER OF DAYS CLOUDY          3

AVERAGE RH (PERCENT)     61

WEATHER CONDITIONS. NUMBER OF DAYS WITH
THUNDERSTORM              0     MIXED PRECIP               0
HEAVY RAIN                0     RAIN                       0
LIGHT RAIN                5     FREEZING RAIN              0
LT FREEZING RAIN          1     HAIL                       0
HEAVY SNOW                0     SNOW                       2
LIGHT SNOW                7     SLEET                      0
FOG                      11     FOG W/VIS <= 1/4 MILE      1
HAZE                      5

-  INDICATES NEGATIVE NUMBERS.
R  INDICATES RECORD WAS SET OR TIED.
MM INDICATES DATA IS MISSING.
T  INDICATES TRACE AMOUNT.

$$
