000
CXUS54 KMEG 031434
CLMMKL


CLIMATE REPORT
NATIONAL WEATHER SERVICE MEMPHIS TN
833 AM CST TUE MAR 3 2015

...................................

...THE JACKSON CLIMATE SUMMARY FOR THE MONTH OF FEBRUARY 2015...

CLIMATE NORMAL PERIOD 1981 TO 2010
CLIMATE RECORD PERIOD 1948 TO 2015

WEATHER         OBSERVED          NORMAL  DEPART  LAST YEAR`S
                 VALUE   DATE(S)  VALUE   FROM    VALUE  DATE(S)
                                          NORMAL
................................................................
TEMPERATURE (F)
RECORD
 HIGH              81   02/23/1982
                        02/13/1962
 LOW              -12   02/02/1951
HIGHEST            65   02/07        52      13       74  02/20
LOWEST              6   02/19        31     -25       14  02/27
AVG. MAXIMUM     42.9              52.9   -10.0     48.4
AVG. MINIMUM     23.2              31.8    -8.6     28.0
MEAN             33.1              42.3    -9.2     38.2
DAYS MAX >= 90      0               0.0     0.0        0
DAYS MAX <= 32      6               1.1     4.9        3
DAYS MIN <= 32     23              15.0     8.0       22
DAYS MIN <= 0       0               0.0     0.0        0

PRECIPITATION (INCHES)
RECORD
 MAXIMUM        10.28   1990
 MINIMUM         1.22   1968
TOTALS           5.15              4.17    0.98     5.15
DAILY AVG.       0.18              0.15    0.03     0.18
DAYS >= .01         5               9.6    -4.6        8
DAYS >= .10         4               6.4    -2.4        4
DAYS >= .50         3               3.0     0.0        2
DAYS >= 1.00        2               1.4     0.6        2
GREATEST
 24 HR. TOTAL    3.38   02/20 TO 02/21

SNOWFALL (INCHES)
RECORDS
 TOTAL           12.6   1985
TOTALS            1.4               1.6    -0.2      0.5
SINCE 7/1         1.5               4.2    -2.7      0.5
SNOWDEPTH AVG.      0                MM      MM        0
DAYS >= 1.0         1               0.6     0.4        0
GREATEST
 SNOW DEPTH         1   02/18                          1  02/08
                        02/17
 24 HR TOTAL      1.3   MM

DEGREE_DAYS
HEATING TOTAL     889               635     254      744
 SINCE 7/1       3173              2884     289     3296
COOLING TOTAL       0                 1      -1        0
 SINCE 1/1          0                 1      -1        0
.................................................................

WIND (MPH)
AVERAGE WIND SPEED              9.3
HIGHEST WIND SPEED/DIRECTION    28/190    DATE  02/21
HIGHEST GUST SPEED/DIRECTION    36/020    DATE  02/14

SKY COVER
POSSIBLE SUNSHINE (PERCENT)   MM
AVERAGE SKY COVER           0.50
NUMBER OF DAYS FAIR           11
NUMBER OF DAYS PC             11
NUMBER OF DAYS CLOUDY          6

AVERAGE RH (PERCENT)     63

WEATHER CONDITIONS. NUMBER OF DAYS WITH
THUNDERSTORM              0     MIXED PRECIP               0
HEAVY RAIN                2     RAIN                       3
LIGHT RAIN                3     FREEZING RAIN              2
LT FREEZING RAIN          2     HAIL                       0
HEAVY SNOW                0     SNOW                       1
LIGHT SNOW                3     SLEET                      1
FOG                       8     FOG W/VIS <= 1/4 MILE      1
HAZE                      5

-  INDICATES NEGATIVE NUMBERS.
R  INDICATES RECORD WAS SET OR TIED.
MM INDICATES DATA IS MISSING.
T  INDICATES TRACE AMOUNT.

$$
