000
CXUS53 KLBF 011320
CLMVTN


CLIMATE REPORT
NATIONAL WEATHER SERVICE NORTH PLATTE
817 AM CDT WED APR 1 2015

...................................

...THE VALENTINE NE CLIMATE SUMMARY FOR THE MONTH OF MARCH 2015...

CLIMATE NORMAL PERIOD 1981 TO 2010
CLIMATE RECORD PERIOD 1885 TO 2015

WEATHER         OBSERVED          NORMAL  DEPART  LAST YEAR`S
                 VALUE   DATE(S)  VALUE   FROM    VALUE  DATE(S)
                                          NORMAL
................................................................
TEMPERATURE (F)
RECORD
 HIGH              87   03/26/2012
                        03/31/1946
                        03/29/1943
 LOW              -29   03/01/1980
HIGHEST            84   03/15        76       8       74  03/09
LOWEST             -3   03/05        -2      -1      -21  03/02
AVG. MAXIMUM     60.5              49.3    11.2     48.2
AVG. MINIMUM     24.7              23.1     1.6     18.8
MEAN             42.6              36.2     6.4     33.5
DAYS MAX >= 90      0               0.0     0.0        0
DAYS MAX <= 32      2               4.2    -2.2        5
DAYS MIN <= 32     26              25.3     0.7       27
DAYS MIN <= 0       2               1.1     0.9        3

PRECIPITATION (INCHES)
RECORD
 MAXIMUM         4.23   1977
 MINIMUM         0.01   1997
TOTALS           0.03              1.07   -1.04     0.49
DAILY AVG.       0.00              0.03   -0.03     0.02
DAYS >= .01         2               7.1    -5.1        5
DAYS >= .10         0               2.8    -2.8        2
DAYS >= .50         0               0.6    -0.6        0
DAYS >= 1.00        0               0.0     0.0        0
GREATEST
 24 HR. TOTAL    0.02   03/03 TO 03/03
SNOWFALL (INCHES)
RECORDS
 TOTAL           51.0   1977
TOTALS            0.5               6.5    -6.0      5.0
SINCE 7/1        22.2              28.6    -6.4     31.5
SNOWDEPTH AVG.      0                 2      -2        1
DAYS >= 1.0         0               2.1    -2.1        1
GREATEST
 SNOW DEPTH         0   MM                             5  03/03
                                                          03/02
 24 HR TOTAL      0.5   03/03 TO 03/03

DEGREE_DAYS
HEATING TOTAL     687               893    -206      969
 SINCE 7/1       5813              6129    -316     6447
COOLING TOTAL       2                 0       2        0
 SINCE 1/1          2                 0       2        0
..................................................

WIND (MPH)
AVERAGE WIND SPEED              11.1
HIGHEST WIND SPEED/DIRECTION    40/320    DATE  03/29
HIGHEST GUST SPEED/DIRECTION    51/320    DATE  03/29

SKY COVER
POSSIBLE SUNSHINE (PERCENT)   MM
AVERAGE SKY COVER           0.20
NUMBER OF DAYS FAIR           22
NUMBER OF DAYS PC              9
NUMBER OF DAYS CLOUDY          0

AVERAGE RH (PERCENT)     51

WEATHER CONDITIONS. NUMBER OF DAYS WITH
THUNDERSTORM              0     MIXED PRECIP               0
HEAVY RAIN                0     RAIN                       0
LIGHT RAIN                0     FREEZING RAIN              0
LT FREEZING RAIN          0     HAIL                       0
HEAVY SNOW                0     SNOW                       0
LIGHT SNOW                3     SLEET                      0
FOG                       5     FOG W/VIS <= 1/4 MILE      0
HAZE                     13

-  INDICATES NEGATIVE NUMBERS.
R  INDICATES RECORD WAS SET OR TIED.
MM INDICATES DATA IS MISSING.
T  INDICATES TRACE AMOUNT.

$$
