000
CDUS43 KIWX 040522
CLISBN


CLIMATE REPORT
NATIONAL WEATHER SERVICE NORTHERN INDIANA
122 AM EDT MON MAY 4 2015


...................................

...THE SOUTH BEND CLIMATE SUMMARY FOR MAY 3 2015...

CLIMATE NORMAL PERIOD 1981 TO 2010
CLIMATE RECORD PERIOD 1893 TO 2015


WEATHER ITEM   OBSERVED TIME   RECORD YEAR NORMAL DEPARTURE LAST
                VALUE   (LST)  VALUE       VALUE  FROM      YEAR
                                                  NORMAL
..................................................................
TEMPERATURE (F)
 YESTERDAY
  MAXIMUM         81    340 PM  89    1928  66     15       65
  MINIMUM         54    609 AM  29    2004  45      9       47
                                      1978
                                      1931
  AVERAGE         68                        55     13       56

PRECIPITATION (IN)
  YESTERDAY        T             1.25 1929   0.11  -0.11     0.04
  MONTH TO DATE    T                         0.34  -0.34     0.18
  SINCE MAR 1      3.18                      5.99  -2.81     4.22
  SINCE JAN 1      7.08                     10.23  -3.15    10.16

SNOWFALL (IN)
  YESTERDAY        0.0           0.2  1954   0.0    0.0      0.0
  MONTH TO DATE    0.0                       0.0    0.0      0.0
  SINCE MAR 1      6.1                       8.5   -2.4     12.9
  SINCE JUL 1     83.9                      66.6   17.3    106.9
  SNOW DEPTH       0

DEGREE DAYS
 HEATING
  YESTERDAY        0                        10    -10        9
  MONTH TO DATE   16                        32    -16       43
  SINCE MAR 1   1391                      1374     17     1588
  SINCE JUL 1   6488                      6063    425     6771

 COOLING
  YESTERDAY        3                         1      2        0
  MONTH TO DATE    3                         1      2        0
  SINCE MAR 1      5                        11     -6        2
  SINCE JAN 1      5                        11     -6        2
..................................................................


WIND (MPH)
  HIGHEST WIND SPEED    23   HIGHEST WIND DIRECTION     S (200)
  HIGHEST GUST SPEED    28   HIGHEST GUST DIRECTION     S (200)
  AVERAGE WIND SPEED    10.8


SKY COVER
  AVERAGE SKY COVER 0.4


WEATHER CONDITIONS
 THE FOLLOWING WEATHER WAS RECORDED YESTERDAY.
  LIGHT RAIN


RELATIVE HUMIDITY (PERCENT)
 HIGHEST    59           400 AM
 LOWEST     25           200 PM
 AVERAGE    42

..........................................................


THE SOUTH BEND CLIMATE NORMALS FOR TODAY
                         NORMAL    RECORD    YEAR
 MAXIMUM TEMPERATURE (F)   66        89      1949
 MINIMUM TEMPERATURE (F)   45        26      2005
                                             1926


SUNRISE AND SUNSET
MAY  4 2015...........SUNRISE   638 AM EDT   SUNSET   846 PM EDT
MAY  5 2015...........SUNRISE   637 AM EDT   SUNSET   847 PM EDT


-  INDICATES NEGATIVE NUMBERS.
R  INDICATES RECORD WAS SET OR TIED.
MM INDICATES DATA IS MISSING.
T  INDICATES TRACE AMOUNT.




$$
