000
CDUS43 KIWX 282020
CLISBN


CLIMATE REPORT
NATIONAL WEATHER SERVICE NORTHERN INDIANA
420 PM EDT TUE APR 28 2015


...................................

...THE SOUTH BEND CLIMATE SUMMARY FOR APRIL 28 2015...
VALID TODAY AS OF 0400 PM LOCAL TIME.

CLIMATE NORMAL PERIOD 1981 TO 2010
CLIMATE RECORD PERIOD 1893 TO 2015


WEATHER ITEM   OBSERVED TIME   RECORD YEAR NORMAL DEPARTURE LAST
                VALUE   (LST)  VALUE       VALUE  FROM      YEAR
                                                  NORMAL
..................................................................
TEMPERATURE (F)
 TODAY
  MAXIMUM         60    254 PM  83    1899  64     -4       56
                                      1896
  MINIMUM         33    539 AM  25    1907  43    -10       47
  AVERAGE         47                        54     -7       52

PRECIPITATION (IN)
  TODAY            0.00          1.75 1951   0.11  -0.11     0.07
  MONTH TO DATE    2.40                      3.00  -0.60     2.24
  SINCE MAR 1      3.18                      5.42  -2.24     3.93
  SINCE JAN 1      7.08                      9.66  -2.58     9.87

SNOWFALL (IN)
  TODAY            0.0           T    1961   0.0    0.0      0.0
                                      1951
                                      1950
  MONTH TO DATE    T                         1.4   -1.4      1.1
  SINCE MAR 1      6.1                       8.5   -2.4     12.9
  SINCE JUL 1     83.9                      66.6   17.3    106.9

DEGREE DAYS
 HEATING
  TODAY           18                        12      6       13
  MONTH TO DATE  399                       466    -67      453
  SINCE MAR 1   1341                      1321     20     1529
  SINCE JUL 1   6438                      6010    428     6712

 COOLING
  TODAY            0                         0      0        0
  MONTH TO DATE    2                         0      2        2
  SINCE MAR 1      2                         1      1        2
  SINCE JAN 1      2                         1      1        2
..................................................................


WIND (MPH)
  HIGHEST WIND SPEED    15   HIGHEST WIND DIRECTION    NW (310)
  HIGHEST GUST SPEED    18   HIGHEST GUST DIRECTION    NW (300)
  AVERAGE WIND SPEED     4.6


SKY COVER
  POSSIBLE SUNSHINE  MM
  AVERAGE SKY COVER 0.1


WEATHER CONDITIONS
 THE FOLLOWING WEATHER WAS RECORDED TODAY.
  NO SIGNIFICANT WEATHER WAS OBSERVED.


RELATIVE HUMIDITY (PERCENT)
 HIGHEST    92           500 AM
 LOWEST     39           300 PM
 AVERAGE    66

..........................................................


THE SOUTH BEND CLIMATE NORMALS FOR TOMORROW
                         NORMAL    RECORD    YEAR
 MAXIMUM TEMPERATURE (F)   65        88      1899
 MINIMUM TEMPERATURE (F)   43        24      1909


SUNRISE AND SUNSET
APRIL 28 2015.........SUNRISE   646 AM EDT   SUNSET   840 PM EDT
APRIL 29 2015.........SUNRISE   645 AM EDT   SUNSET   841 PM EDT


-  INDICATES NEGATIVE NUMBERS.
R  INDICATES RECORD WAS SET OR TIED.
MM INDICATES DATA IS MISSING.
T  INDICATES TRACE AMOUNT.




$$
