000
CDUS43 KIWX 120521
CLISBN


CLIMATE REPORT
NATIONAL WEATHER SERVICE NORTHERN INDIANA
121 AM EDT SUN APR 12 2015


...................................

...THE SOUTH BEND CLIMATE SUMMARY FOR APRIL 11 2015...

CLIMATE NORMAL PERIOD 1981 TO 2010
CLIMATE RECORD PERIOD 1893 TO 2015


WEATHER ITEM   OBSERVED TIME   RECORD YEAR NORMAL DEPARTURE LAST
                VALUE   (LST)  VALUE       VALUE  FROM      YEAR
                                                  NORMAL
..................................................................
TEMPERATURE (F)
 YESTERDAY
  MAXIMUM         62    419 PM  90    1930  58      4       70
  MINIMUM         33    501 AM  16    1909  37     -4       32
  AVERAGE         48                        47      1       51

PRECIPITATION (IN)
  YESTERDAY        0.00          1.75 1922   0.11  -0.11     0.00
  MONTH TO DATE    0.95                      1.13  -0.18     1.26
  SINCE MAR 1      1.73                      3.55  -1.82     2.95
  SINCE JAN 1      5.63                      7.79  -2.16     8.89

SNOWFALL (IN)
  YESTERDAY        0.0           3.6  2007   0.1   -0.1      0.0
  MONTH TO DATE    0.0                       0.9   -0.9      0.0
  SINCE MAR 1      6.1                       8.0   -1.9     11.8
  SINCE JUL 1     83.9                      66.1   17.8    105.8
  SNOW DEPTH       0

DEGREE DAYS
 HEATING
  YESTERDAY       17                        18     -1       14
  MONTH TO DATE  154                       217    -63      218
  SINCE MAR 1   1096                      1072     24     1294
  SINCE JUL 1   6193                      5761    432     6477

 COOLING
  YESTERDAY        0                         0      0        0
  MONTH TO DATE    0                         0      0        0
  SINCE MAR 1      0                         1     -1        0
  SINCE JAN 1      0                         1     -1        0
..................................................................


WIND (MPH)
  HIGHEST WIND SPEED    17   HIGHEST WIND DIRECTION    NW (300)
  HIGHEST GUST SPEED    23   HIGHEST GUST DIRECTION     W (270)
  AVERAGE WIND SPEED     7.3


SKY COVER
  AVERAGE SKY COVER 0.0


WEATHER CONDITIONS
 THE FOLLOWING WEATHER WAS RECORDED YESTERDAY.
  NO SIGNIFICANT WEATHER WAS OBSERVED.


RELATIVE HUMIDITY (PERCENT)
 HIGHEST    92           100 AM
 LOWEST     23           600 PM
 AVERAGE    58

..........................................................


THE SOUTH BEND CLIMATE NORMALS FOR TODAY
                         NORMAL    RECORD    YEAR
 MAXIMUM TEMPERATURE (F)   58        84      1977
 MINIMUM TEMPERATURE (F)   37        21      1950
                                             1940


SUNRISE AND SUNSET
APRIL 12 2015.........SUNRISE   710 AM EDT   SUNSET   822 PM EDT
APRIL 13 2015.........SUNRISE   709 AM EDT   SUNSET   824 PM EDT


-  INDICATES NEGATIVE NUMBERS.
R  INDICATES RECORD WAS SET OR TIED.
MM INDICATES DATA IS MISSING.
T  INDICATES TRACE AMOUNT.




$$
