000
CDUS43 KIWX 260528
CLISBN


CLIMATE REPORT
NATIONAL WEATHER SERVICE NORTHERN INDIANA
126 AM EDT SUN APR 26 2015


...................................

...THE SOUTH BEND CLIMATE SUMMARY FOR APRIL 25 2015...

CLIMATE NORMAL PERIOD 1981 TO 2010
CLIMATE RECORD PERIOD 1893 TO 2015


WEATHER ITEM   OBSERVED TIME   RECORD YEAR NORMAL DEPARTURE LAST
                VALUE   (LST)  VALUE       VALUE  FROM      YEAR
                                                  NORMAL
..................................................................
TEMPERATURE (F)
 YESTERDAY
  MAXIMUM         48    722 PM  87    1990  63    -15       66
  MINIMUM         38   1159 PM  23    1919  42     -4       44
  AVERAGE         43                        53    -10       55

PRECIPITATION (IN)
  YESTERDAY        0.26          2.48 2007   0.11   0.15     0.23
  MONTH TO DATE    2.40                      2.66  -0.26     2.17
  SINCE MAR 1      3.18                      5.08  -1.90     3.86
  SINCE JAN 1      7.08                      9.32  -2.24     9.80

SNOWFALL (IN)
  YESTERDAY        0.0           T    1976   0.1   -0.1      0.0
                                      1968
                                      1950
  MONTH TO DATE    T                         1.4   -1.4      1.1
  SINCE MAR 1      6.1                       8.5   -2.4     12.9
  SINCE JUL 1     83.9                      66.6   17.3    106.9
  SNOW DEPTH       0

DEGREE DAYS
 HEATING
  YESTERDAY       22                        13      9       10
  MONTH TO DATE  344                       429    -85      410
  SINCE MAR 1   1286                      1284      2     1486
  SINCE JUL 1   6383                      5973    410     6669

 COOLING
  YESTERDAY        0                         0      0        0
  MONTH TO DATE    2                         0      2        2
  SINCE MAR 1      2                         1      1        2
  SINCE JAN 1      2                         1      1        2
..................................................................


WIND (MPH)
  HIGHEST WIND SPEED    23   HIGHEST WIND DIRECTION     E (110)
  HIGHEST GUST SPEED    28   HIGHEST GUST DIRECTION    SE (120)
  AVERAGE WIND SPEED     9.7


SKY COVER
  AVERAGE SKY COVER 1.0


WEATHER CONDITIONS
 THE FOLLOWING WEATHER WAS RECORDED YESTERDAY.
  RAIN
  LIGHT RAIN
  FOG


RELATIVE HUMIDITY (PERCENT)
 HIGHEST    86           300 PM
 LOWEST     60           800 PM
 AVERAGE    73

..........................................................


THE SOUTH BEND CLIMATE NORMALS FOR TODAY
                         NORMAL    RECORD    YEAR
 MAXIMUM TEMPERATURE (F)   64        88      1915
 MINIMUM TEMPERATURE (F)   42        25      1997
                                             1930
                                             1928


SUNRISE AND SUNSET
APRIL 26 2015.........SUNRISE   649 AM EDT   SUNSET   838 PM EDT
APRIL 27 2015.........SUNRISE   648 AM EDT   SUNSET   839 PM EDT


-  INDICATES NEGATIVE NUMBERS.
R  INDICATES RECORD WAS SET OR TIED.
MM INDICATES DATA IS MISSING.
T  INDICATES TRACE AMOUNT.




$$
