000
CDUS43 KIWX 010534
CLISBN


CLIMATE REPORT
NATIONAL WEATHER SERVICE NORTHERN INDIANA
132 AM EDT WED APR 1 2015


...................................

...THE SOUTH BEND CLIMATE SUMMARY FOR MARCH 31 2015...

CLIMATE NORMAL PERIOD 1981 TO 2010
CLIMATE RECORD PERIOD 1893 TO 2015


WEATHER ITEM   OBSERVED TIME   RECORD YEAR NORMAL DEPARTURE LAST
                VALUE   (LST)  VALUE       VALUE  FROM      YEAR
                                                  NORMAL
..................................................................
TEMPERATURE (F)
 YESTERDAY
  MAXIMUM         51    228 AM  85    1981  53     -2       68
  MINIMUM         36   1155 PM   5    1923  33      3       36
  AVERAGE         44                        43      1       52

PRECIPITATION (IN)
  YESTERDAY        T             1.07 1926   0.09  -0.09      T
  MONTH TO DATE    0.78                      2.42  -1.64     1.69
  SINCE MAR 1      0.78                      2.42  -1.64     1.69
  SINCE JAN 1      4.68                      6.66  -1.98     7.63

SNOWFALL (IN)
  YESTERDAY        0.0           4.0  1922   0.1   -0.1      0.0
  MONTH TO DATE    6.1                       7.1   -1.0     11.8
  SINCE MAR 1      6.1                       7.1   -1.0     11.8
  SINCE JUL 1     83.9                      65.2   18.7    105.8
  SNOW DEPTH       0

DEGREE DAYS
 HEATING
  YESTERDAY       21                        22     -1       13
  MONTH TO DATE  942                       855     87     1076
  SINCE MAR 1    942                       855     87     1076
  SINCE JUL 1   6039                      5544    495     6259

 COOLING
  YESTERDAY        0                         0      0        0
  MONTH TO DATE    0                         1     -1        0
  SINCE MAR 1      0                         1     -1        0
  SINCE JAN 1      0                         1     -1        0
..................................................................


WIND (MPH)
  HIGHEST WIND SPEED    20   HIGHEST WIND DIRECTION     N (350)
  HIGHEST GUST SPEED    25   HIGHEST GUST DIRECTION    SW (210)
  AVERAGE WIND SPEED     9.7


SKY COVER
  AVERAGE SKY COVER 0.4


WEATHER CONDITIONS
 THE FOLLOWING WEATHER WAS RECORDED YESTERDAY.
  LIGHT RAIN


RELATIVE HUMIDITY (PERCENT)
 HIGHEST    83          1200 AM
 LOWEST     50           200 AM
 AVERAGE    67

..........................................................


THE SOUTH BEND CLIMATE NORMALS FOR TODAY
                         NORMAL    RECORD    YEAR
 MAXIMUM TEMPERATURE (F)   54        82      2010
 MINIMUM TEMPERATURE (F)   34        12      1923


SUNRISE AND SUNSET
APRIL  1 2015.........SUNRISE   729 AM EDT   SUNSET   810 PM EDT
APRIL  2 2015.........SUNRISE   727 AM EDT   SUNSET   812 PM EDT


-  INDICATES NEGATIVE NUMBERS.
R  INDICATES RECORD WAS SET OR TIED.
MM INDICATES DATA IS MISSING.
T  INDICATES TRACE AMOUNT.




$$
