000
CDUS43 KIWX 270523
CLISBN


CLIMATE REPORT
NATIONAL WEATHER SERVICE NORTHERN INDIANA
122 AM EDT MON APR 27 2015


...................................

...THE SOUTH BEND CLIMATE SUMMARY FOR APRIL 26 2015...

CLIMATE NORMAL PERIOD 1981 TO 2010
CLIMATE RECORD PERIOD 1893 TO 2015


WEATHER ITEM   OBSERVED TIME   RECORD YEAR NORMAL DEPARTURE LAST
                VALUE   (LST)  VALUE       VALUE  FROM      YEAR
                                                  NORMAL
..................................................................
TEMPERATURE (F)
 YESTERDAY
  MAXIMUM         57    115 PM  88    1915  64     -7       55
  MINIMUM         36    631 AM  25    1997  42     -6       41
                                      1930
                                      1928
  AVERAGE         47                        53     -6       48

PRECIPITATION (IN)
  YESTERDAY        0.00          1.25 2011   0.11  -0.11      T
  MONTH TO DATE    2.40                      2.77  -0.37     2.17
  SINCE MAR 1      3.18                      5.19  -2.01     3.86
  SINCE JAN 1      7.08                      9.43  -2.35     9.80

SNOWFALL (IN)
  YESTERDAY        0.0           0.1  1996   0.0    0.0      0.0
  MONTH TO DATE    T                         1.4   -1.4      1.1
  SINCE MAR 1      6.1                       8.5   -2.4     12.9
  SINCE JUL 1     83.9                      66.6   17.3    106.9
  SNOW DEPTH       0

DEGREE DAYS
 HEATING
  YESTERDAY       18                        13      5       17
  MONTH TO DATE  362                       442    -80      427
  SINCE MAR 1   1304                      1297      7     1503
  SINCE JUL 1   6401                      5986    415     6686

 COOLING
  YESTERDAY        0                         0      0        0
  MONTH TO DATE    2                         0      2        2
  SINCE MAR 1      2                         1      1        2
  SINCE JAN 1      2                         1      1        2
..................................................................


WIND (MPH)
  HIGHEST WIND SPEED    24   HIGHEST WIND DIRECTION     N (350)
  HIGHEST GUST SPEED    30   HIGHEST GUST DIRECTION     N (350)
  AVERAGE WIND SPEED    11.9


SKY COVER
  AVERAGE SKY COVER 0.1


WEATHER CONDITIONS
 THE FOLLOWING WEATHER WAS RECORDED YESTERDAY.
  NO SIGNIFICANT WEATHER WAS OBSERVED.


RELATIVE HUMIDITY (PERCENT)
 HIGHEST    92          1200 AM
 LOWEST     35           100 PM
 AVERAGE    64

..........................................................


THE SOUTH BEND CLIMATE NORMALS FOR TODAY
                         NORMAL    RECORD    YEAR
 MAXIMUM TEMPERATURE (F)   64        84      1990
                                             1986
 MINIMUM TEMPERATURE (F)   43        26      1932
                                             1928


SUNRISE AND SUNSET
APRIL 27 2015.........SUNRISE   648 AM EDT   SUNSET   839 PM EDT
APRIL 28 2015.........SUNRISE   646 AM EDT   SUNSET   840 PM EDT


-  INDICATES NEGATIVE NUMBERS.
R  INDICATES RECORD WAS SET OR TIED.
MM INDICATES DATA IS MISSING.
T  INDICATES TRACE AMOUNT.




$$
