000
CDUS43 KIWX 160525
CLISBN


CLIMATE REPORT
NATIONAL WEATHER SERVICE NORTHERN INDIANA
124 AM EDT THU APR 16 2015


...................................

...THE SOUTH BEND CLIMATE SUMMARY FOR APRIL 15 2015...

CLIMATE NORMAL PERIOD 1981 TO 2010
CLIMATE RECORD PERIOD 1893 TO 2015


WEATHER ITEM   OBSERVED TIME   RECORD YEAR NORMAL DEPARTURE LAST
                VALUE   (LST)  VALUE       VALUE  FROM      YEAR
                                                  NORMAL
..................................................................
TEMPERATURE (F)
 YESTERDAY
  MAXIMUM         68    349 PM  87    2002  59      9       35
  MINIMUM         39    316 AM  19    1928  39      0       27
                                      1926
  AVERAGE         54                        49      5       31

PRECIPITATION (IN)
  YESTERDAY        T             2.24 1937   0.11  -0.11      T
  MONTH TO DATE    1.24                      1.57  -0.33     1.41
  SINCE MAR 1      2.02                      3.99  -1.97     3.10
  SINCE JAN 1      5.92                      8.23  -2.31     9.04

SNOWFALL (IN)
  YESTERDAY        0.0           0.5  1961   0.1   -0.1       T
  MONTH TO DATE    0.0                       1.1   -1.1      1.1
  SINCE MAR 1      6.1                       8.2   -2.1     12.9
  SINCE JUL 1     83.9                      66.3   17.6    106.9
  SNOW DEPTH       0

DEGREE DAYS
 HEATING
  YESTERDAY       11                        16     -5       34
  MONTH TO DATE  197                       284    -87      271
  SINCE MAR 1   1139                      1139      0     1347
  SINCE JUL 1   6236                      5828    408     6530

 COOLING
  YESTERDAY        0                         0      0        0
  MONTH TO DATE    0                         0      0        2
  SINCE MAR 1      0                         1     -1        2
  SINCE JAN 1      0                         1     -1        2
..................................................................


WIND (MPH)
  HIGHEST WIND SPEED    22   HIGHEST WIND DIRECTION     E (100)
  HIGHEST GUST SPEED    29   HIGHEST GUST DIRECTION     E (110)
  AVERAGE WIND SPEED    12.0


SKY COVER
  AVERAGE SKY COVER 0.1


WEATHER CONDITIONS
 THE FOLLOWING WEATHER WAS RECORDED YESTERDAY.
  LIGHT RAIN


RELATIVE HUMIDITY (PERCENT)
 HIGHEST    64           100 AM
 LOWEST     17           700 PM
 AVERAGE    41

..........................................................


THE SOUTH BEND CLIMATE NORMALS FOR TODAY
                         NORMAL    RECORD    YEAR
 MAXIMUM TEMPERATURE (F)   60        86      1976
                                             1896
 MINIMUM TEMPERATURE (F)   39        22      1935


SUNRISE AND SUNSET
APRIL 16 2015.........SUNRISE   704 AM EDT   SUNSET   827 PM EDT
APRIL 17 2015.........SUNRISE   703 AM EDT   SUNSET   828 PM EDT


-  INDICATES NEGATIVE NUMBERS.
R  INDICATES RECORD WAS SET OR TIED.
MM INDICATES DATA IS MISSING.
T  INDICATES TRACE AMOUNT.




$$
