000
CDUS43 KIWX 230023
CLISBN


CLIMATE REPORT
NATIONAL WEATHER SERVICE NORTHERN INDIANA
822 PM EDT WED APR 22 2015


...................................

...THE SOUTH BEND CLIMATE SUMMARY FOR APRIL 22 2015...
VALID AS OF 0800 PM LOCAL TIME.

CLIMATE NORMAL PERIOD 1981 TO 2010
CLIMATE RECORD PERIOD 1893 TO 2015


WEATHER ITEM   OBSERVED TIME   RECORD YEAR NORMAL DEPARTURE LAST
                VALUE   (LST)  VALUE       VALUE  FROM      YEAR
                                                  NORMAL
..................................................................
TEMPERATURE (F)
 TODAY
  MAXIMUM         42    605 PM  89    1980  62    -20       60
  MINIMUM         33    826 AM  20    1936  41     -8       36
  AVERAGE         38                        52    -14       48

PRECIPITATION (IN)
  TODAY            0.04          1.75 1999   0.10  -0.06     0.00
  MONTH TO DATE    2.07                      2.33  -0.26     1.89
  SINCE MAR 1      2.85                      4.75  -1.90     3.58
  SINCE JAN 1      6.75                      8.99  -2.24     9.52

SNOWFALL (IN)
  TODAY            T             0.5  1927   0.0    0.0      0.0
  MONTH TO DATE    T                         1.3   -1.3      1.1
  SINCE MAR 1      6.1                       8.4   -2.3     12.9
  SINCE JUL 1     83.9                      66.5   17.4    106.9
  SNOW DEPTH       0

DEGREE DAYS
 HEATING
  TODAY           27                        14     13       17
  MONTH TO DATE  276                       389   -113      368
  SINCE MAR 1   1218                      1244    -26     1444
  SINCE JUL 1   6315                      5933    382     6627

 COOLING
  TODAY            0                         0      0        0
  MONTH TO DATE    2                         0      2        2
  SINCE MAR 1      2                         1      1        2
  SINCE JAN 1      2                         1      1        2
..................................................................


WIND (MPH)
  RESULTANT WIND SPEED  14   RESULTANT WIND DIRECTION   W (290)
  HIGHEST WIND SPEED    26   HIGHEST WIND DIRECTION    NW (320)
  HIGHEST GUST SPEED    33   HIGHEST GUST DIRECTION     W (280)
  AVERAGE WIND SPEED    14.1


SKY COVER
  POSSIBLE SUNSHINE  MM
  AVERAGE SKY COVER 0.7


WEATHER CONDITIONS
 THE FOLLOWING WEATHER WAS RECORDED TODAY.
  LIGHT RAIN
  LIGHT SNOW
  FOG


RELATIVE HUMIDITY (PERCENT)
 HIGHEST    70           400 AM
 LOWEST     46           300 PM
 AVERAGE    58

..........................................................


THE SOUTH BEND CLIMATE NORMALS FOR TOMORROW
                         NORMAL    RECORD    YEAR
 MAXIMUM TEMPERATURE (F)   63        86      1960
                                             1925
 MINIMUM TEMPERATURE (F)   41        20      1936


SUNRISE AND SUNSET
APRIL 22 2015.........SUNRISE   655 AM EDT   SUNSET   833 PM EDT
APRIL 23 2015.........SUNRISE   653 AM EDT   SUNSET   834 PM EDT


-  INDICATES NEGATIVE NUMBERS.
R  INDICATES RECORD WAS SET OR TIED.
MM INDICATES DATA IS MISSING.
T  INDICATES TRACE AMOUNT.




$$
