000
CDUS43 KIWX 180020
CLISBN


CLIMATE REPORT
NATIONAL WEATHER SERVICE NORTHERN INDIANA
820 PM EDT FRI APR 17 2015


...................................

...THE SOUTH BEND CLIMATE SUMMARY FOR APRIL 17 2015...
VALID AS OF 0800 PM LOCAL TIME.

CLIMATE NORMAL PERIOD 1981 TO 2010
CLIMATE RECORD PERIOD 1893 TO 2015


WEATHER ITEM   OBSERVED TIME   RECORD YEAR NORMAL DEPARTURE LAST
                VALUE   (LST)  VALUE       VALUE  FROM      YEAR
                                                  NORMAL
..................................................................
TEMPERATURE (F)
 TODAY
  MAXIMUM         76    500 PM  85    1977  60     16       67
                                      1896
  MINIMUM         40    324 AM  23    1904  39      1       37
  AVERAGE         58                        50      8       52

PRECIPITATION (IN)
  TODAY            0.00          1.07 1969   0.11  -0.11     0.00
  MONTH TO DATE    1.29                      1.79  -0.50     1.41
  SINCE MAR 1      2.07                      4.21  -2.14     3.10
  SINCE JAN 1      5.97                      8.45  -2.48     9.04

SNOWFALL (IN)
  TODAY            0.0           1.8  1961   0.0    0.0      0.0
  MONTH TO DATE    0.0                       1.1   -1.1      1.1
  SINCE MAR 1      6.1                       8.2   -2.1     12.9
  SINCE JUL 1     83.9                      66.3   17.6    106.9
  SNOW DEPTH       0

DEGREE DAYS
 HEATING
  TODAY            7                        16     -9       13
  MONTH TO DATE  213                       316   -103      310
  SINCE MAR 1   1155                      1171    -16     1386
  SINCE JUL 1   6252                      5860    392     6569

 COOLING
  TODAY            0                         0      0        0
  MONTH TO DATE    0                         0      0        2
  SINCE MAR 1      0                         1     -1        2
  SINCE JAN 1      0                         1     -1        2
..................................................................


WIND (MPH)
  RESULTANT WIND SPEED   3   RESULTANT WIND DIRECTION   W (290)
  HIGHEST WIND SPEED    16   HIGHEST WIND DIRECTION    NW (310)
  HIGHEST GUST SPEED    22   HIGHEST GUST DIRECTION    NW (310)
  AVERAGE WIND SPEED     5.1


SKY COVER
  POSSIBLE SUNSHINE  MM
  AVERAGE SKY COVER 0.1


WEATHER CONDITIONS
 THE FOLLOWING WEATHER WAS RECORDED TODAY.
  FOG
  HAZE


RELATIVE HUMIDITY (PERCENT)
 HIGHEST    89           700 AM
 LOWEST     29           300 PM
 AVERAGE    59

..........................................................


THE SOUTH BEND CLIMATE NORMALS FOR TOMORROW
                         NORMAL    RECORD    YEAR
 MAXIMUM TEMPERATURE (F)   61        87      2004
 MINIMUM TEMPERATURE (F)   40        23      1926


SUNRISE AND SUNSET
APRIL 17 2015.........SUNRISE   703 AM EDT   SUNSET   828 PM EDT
APRIL 18 2015.........SUNRISE   701 AM EDT   SUNSET   829 PM EDT


-  INDICATES NEGATIVE NUMBERS.
R  INDICATES RECORD WAS SET OR TIED.
MM INDICATES DATA IS MISSING.
T  INDICATES TRACE AMOUNT.




$$
