000
CDUS43 KIWX 130521
CLISBN


CLIMATE REPORT
NATIONAL WEATHER SERVICE NORTHERN INDIANA
121 AM EDT MON APR 13 2015


...................................

...THE SOUTH BEND CLIMATE SUMMARY FOR APRIL 12 2015...

CLIMATE NORMAL PERIOD 1981 TO 2010
CLIMATE RECORD PERIOD 1893 TO 2015


WEATHER ITEM   OBSERVED TIME   RECORD YEAR NORMAL DEPARTURE LAST
                VALUE   (LST)  VALUE       VALUE  FROM      YEAR
                                                  NORMAL
..................................................................
TEMPERATURE (F)
 YESTERDAY
  MAXIMUM         69    231 PM  84    1977  58     11       77
  MINIMUM         38    538 AM  21    1950  37      1       47
                                      1940
  AVERAGE         54                        48      6       62

PRECIPITATION (IN)
  YESTERDAY        0.00          0.90 1962   0.11  -0.11     0.00
  MONTH TO DATE    0.95                      1.24  -0.29     1.26
  SINCE MAR 1      1.73                      3.66  -1.93     2.95
  SINCE JAN 1      5.63                      7.90  -2.27     8.89

SNOWFALL (IN)
  YESTERDAY        0.0           1.4  1950   0.0    0.0      0.0
  MONTH TO DATE    0.0                       0.9   -0.9      0.0
  SINCE MAR 1      6.1                       8.0   -1.9     11.8
  SINCE JUL 1     83.9                      66.1   17.8    105.8
  SNOW DEPTH       0

DEGREE DAYS
 HEATING
  YESTERDAY       11                        17     -6        3
  MONTH TO DATE  165                       234    -69      221
  SINCE MAR 1   1107                      1089     18     1297
  SINCE JUL 1   6204                      5778    426     6480

 COOLING
  YESTERDAY        0                         0      0        0
  MONTH TO DATE    0                         0      0        0
  SINCE MAR 1      0                         1     -1        0
  SINCE JAN 1      0                         1     -1        0
..................................................................


WIND (MPH)
  HIGHEST WIND SPEED    18   HIGHEST WIND DIRECTION     S (200)
  HIGHEST GUST SPEED    23   HIGHEST GUST DIRECTION    SE (150)
  AVERAGE WIND SPEED     8.9


SKY COVER
  AVERAGE SKY COVER 0.2


WEATHER CONDITIONS
 THE FOLLOWING WEATHER WAS RECORDED YESTERDAY.
  NO SIGNIFICANT WEATHER WAS OBSERVED.


RELATIVE HUMIDITY (PERCENT)
 HIGHEST    76           400 AM
 LOWEST     22           300 PM
 AVERAGE    49

..........................................................


THE SOUTH BEND CLIMATE NORMALS FOR TODAY
                         NORMAL    RECORD    YEAR
 MAXIMUM TEMPERATURE (F)   59        85      1941
 MINIMUM TEMPERATURE (F)   38        18      1950


SUNRISE AND SUNSET
APRIL 13 2015.........SUNRISE   709 AM EDT   SUNSET   824 PM EDT
APRIL 14 2015.........SUNRISE   707 AM EDT   SUNSET   825 PM EDT


-  INDICATES NEGATIVE NUMBERS.
R  INDICATES RECORD WAS SET OR TIED.
MM INDICATES DATA IS MISSING.
T  INDICATES TRACE AMOUNT.




$$
