000
CDUS43 KIWX 140526
CLISBN


CLIMATE REPORT
NATIONAL WEATHER SERVICE NORTHERN INDIANA
126 AM EDT TUE APR 14 2015


...................................

...THE SOUTH BEND CLIMATE SUMMARY FOR APRIL 13 2015...

CLIMATE NORMAL PERIOD 1981 TO 2010
CLIMATE RECORD PERIOD 1893 TO 2015


WEATHER ITEM   OBSERVED TIME   RECORD YEAR NORMAL DEPARTURE LAST
                VALUE   (LST)  VALUE       VALUE  FROM      YEAR
                                                  NORMAL
..................................................................
TEMPERATURE (F)
 YESTERDAY
  MAXIMUM         65    435 PM  85    1941  59      6       72
  MINIMUM         45   1136 PM  18    1950  38      7       62
  AVERAGE         55                        48      7       67

PRECIPITATION (IN)
  YESTERDAY        0.29          1.23 1909   0.11   0.18     0.05
  MONTH TO DATE    1.24                      1.35  -0.11     1.31
  SINCE MAR 1      2.02                      3.77  -1.75     3.00
  SINCE JAN 1      5.92                      8.01  -2.09     8.94

SNOWFALL (IN)
  YESTERDAY        0.0           1.4  1962   0.1   -0.1      0.0
  MONTH TO DATE    0.0                       1.0   -1.0      0.0
  SINCE MAR 1      6.1                       8.1   -2.0     11.8
  SINCE JUL 1     83.9                      66.2   17.7    105.8
  SNOW DEPTH       0

DEGREE DAYS
 HEATING
  YESTERDAY       10                        17     -7        0
  MONTH TO DATE  175                       251    -76      221
  SINCE MAR 1   1117                      1106     11     1297
  SINCE JUL 1   6214                      5795    419     6480

 COOLING
  YESTERDAY        0                         0      0        2
  MONTH TO DATE    0                         0      0        2
  SINCE MAR 1      0                         1     -1        2
  SINCE JAN 1      0                         1     -1        2
..................................................................


WIND (MPH)
  HIGHEST WIND SPEED    25   HIGHEST WIND DIRECTION    NW (310)
  HIGHEST GUST SPEED    32   HIGHEST GUST DIRECTION    NW (310)
  AVERAGE WIND SPEED    10.5


SKY COVER
  AVERAGE SKY COVER 0.6


WEATHER CONDITIONS
 THE FOLLOWING WEATHER WAS RECORDED YESTERDAY.
  THUNDERSTORM
  LIGHT RAIN
  FOG


RELATIVE HUMIDITY (PERCENT)
 HIGHEST    86           700 AM
 LOWEST     34           600 PM
 AVERAGE    60

..........................................................


THE SOUTH BEND CLIMATE NORMALS FOR TODAY
                         NORMAL    RECORD    YEAR
 MAXIMUM TEMPERATURE (F)   59        81      2003
                                             1941
 MINIMUM TEMPERATURE (F)   38        19      1940
                                             1917


SUNRISE AND SUNSET
APRIL 14 2015.........SUNRISE   707 AM EDT   SUNSET   825 PM EDT
APRIL 15 2015.........SUNRISE   706 AM EDT   SUNSET   826 PM EDT


-  INDICATES NEGATIVE NUMBERS.
R  INDICATES RECORD WAS SET OR TIED.
MM INDICATES DATA IS MISSING.
T  INDICATES TRACE AMOUNT.




$$
