000
CDUS43 KIWX 170530
CLISBN


CLIMATE REPORT
NATIONAL WEATHER SERVICE NORTHERN INDIANA
130 AM EDT FRI APR 17 2015


...................................

...THE SOUTH BEND CLIMATE SUMMARY FOR APRIL 16 2015...

CLIMATE NORMAL PERIOD 1981 TO 2010
CLIMATE RECORD PERIOD 1893 TO 2015


WEATHER ITEM   OBSERVED TIME   RECORD YEAR NORMAL DEPARTURE LAST
                VALUE   (LST)  VALUE       VALUE  FROM      YEAR
                                                  NORMAL
..................................................................
TEMPERATURE (F)
 YESTERDAY
  MAXIMUM         67    321 PM  86    1976  60      7       50
                                      1896
  MINIMUM         45   1159 PM  22    1935  39      6       27
  AVERAGE         56                        49      7       39

PRECIPITATION (IN)
  YESTERDAY        0.05          1.75 1930   0.11  -0.06     0.00
  MONTH TO DATE    1.29                      1.68  -0.39     1.41
  SINCE MAR 1      2.07                      4.10  -2.03     3.10
  SINCE JAN 1      5.97                      8.34  -2.37     9.04

SNOWFALL (IN)
  YESTERDAY        0.0           8.1  1961   0.0    0.0      0.0
  MONTH TO DATE    0.0                       1.1   -1.1      1.1
  SINCE MAR 1      6.1                       8.2   -2.1     12.9
  SINCE JUL 1     83.9                      66.3   17.6    106.9
  SNOW DEPTH       0

DEGREE DAYS
 HEATING
  YESTERDAY        9                        16     -7       26
  MONTH TO DATE  206                       300    -94      297
  SINCE MAR 1   1148                      1155     -7     1373
  SINCE JUL 1   6245                      5844    401     6556

 COOLING
  YESTERDAY        0                         0      0        0
  MONTH TO DATE    0                         0      0        2
  SINCE MAR 1      0                         1     -1        2
  SINCE JAN 1      0                         1     -1        2
..................................................................


WIND (MPH)
  HIGHEST WIND SPEED    23   HIGHEST WIND DIRECTION     E (110)
  HIGHEST GUST SPEED    30   HIGHEST GUST DIRECTION     E (100)
  AVERAGE WIND SPEED     6.7


SKY COVER
  AVERAGE SKY COVER 0.9


WEATHER CONDITIONS
 THE FOLLOWING WEATHER WAS RECORDED YESTERDAY.
  LIGHT RAIN


RELATIVE HUMIDITY (PERCENT)
 HIGHEST    76          1100 PM
 LOWEST     32          1200 AM
 AVERAGE    54

..........................................................


THE SOUTH BEND CLIMATE NORMALS FOR TODAY
                         NORMAL    RECORD    YEAR
 MAXIMUM TEMPERATURE (F)   60        85      1977
                                             1896
 MINIMUM TEMPERATURE (F)   39        23      1904


SUNRISE AND SUNSET
APRIL 17 2015.........SUNRISE   703 AM EDT   SUNSET   828 PM EDT
APRIL 18 2015.........SUNRISE   701 AM EDT   SUNSET   829 PM EDT


-  INDICATES NEGATIVE NUMBERS.
R  INDICATES RECORD WAS SET OR TIED.
MM INDICATES DATA IS MISSING.
T  INDICATES TRACE AMOUNT.




$$
