000
CDUS43 KIWX 200524
CLISBN


CLIMATE REPORT
NATIONAL WEATHER SERVICE NORTHERN INDIANA
123 AM EDT MON APR 20 2015


...................................

...THE SOUTH BEND CLIMATE SUMMARY FOR APRIL 19 2015...

CLIMATE NORMAL PERIOD 1981 TO 2010
CLIMATE RECORD PERIOD 1893 TO 2015


WEATHER ITEM   OBSERVED TIME   RECORD YEAR NORMAL DEPARTURE LAST
                VALUE   (LST)  VALUE       VALUE  FROM      YEAR
                                                  NORMAL
..................................................................
TEMPERATURE (F)
 YESTERDAY
  MAXIMUM         70   1204 PM  84    1985  61      9       64
  MINIMUM         53    603 PM  20    1926  40     13       33
  AVERAGE         62                        50     12       49

PRECIPITATION (IN)
  YESTERDAY        0.74          1.80 1941   0.11   0.63     0.00
  MONTH TO DATE    2.03                      2.01   0.02     1.42
  SINCE MAR 1      2.81                      4.43  -1.62     3.11
  SINCE JAN 1      6.71                      8.67  -1.96     9.05

SNOWFALL (IN)
  YESTERDAY        0.0           0.6  1953   0.0    0.0      0.0
  MONTH TO DATE    0.0                       1.2   -1.2      1.1
  SINCE MAR 1      6.1                       8.3   -2.2     12.9
  SINCE JUL 1     83.9                      66.4   17.5    106.9
  SNOW DEPTH       0

DEGREE DAYS
 HEATING
  YESTERDAY        3                        15    -12       16
  MONTH TO DATE  216                       346   -130      344
  SINCE MAR 1   1158                      1201    -43     1420
  SINCE JUL 1   6255                      5890    365     6603

 COOLING
  YESTERDAY        0                         0      0        0
  MONTH TO DATE    2                         0      2        2
  SINCE MAR 1      2                         1      1        2
  SINCE JAN 1      2                         1      1        2
..................................................................


WIND (MPH)
  HIGHEST WIND SPEED    24   HIGHEST WIND DIRECTION    SE (120)
  HIGHEST GUST SPEED    31   HIGHEST GUST DIRECTION     E (100)
  AVERAGE WIND SPEED    13.7


SKY COVER
  AVERAGE SKY COVER 0.4


WEATHER CONDITIONS
 THE FOLLOWING WEATHER WAS RECORDED YESTERDAY.
  HEAVY RAIN
  RAIN
  LIGHT RAIN
  FOG


RELATIVE HUMIDITY (PERCENT)
 HIGHEST    93           900 PM
 LOWEST     23          1200 AM
 AVERAGE    58

..........................................................


THE SOUTH BEND CLIMATE NORMALS FOR TODAY
                         NORMAL    RECORD    YEAR
 MAXIMUM TEMPERATURE (F)   61        83      1987
 MINIMUM TEMPERATURE (F)   40        15      1897


SUNRISE AND SUNSET
APRIL 20 2015.........SUNRISE   658 AM EDT   SUNSET   831 PM EDT
APRIL 21 2015.........SUNRISE   656 AM EDT   SUNSET   832 PM EDT


-  INDICATES NEGATIVE NUMBERS.
R  INDICATES RECORD WAS SET OR TIED.
MM INDICATES DATA IS MISSING.
T  INDICATES TRACE AMOUNT.




$$
