000
CDUS43 KIWX 310552
CLISBN


CLIMATE REPORT
NATIONAL WEATHER SERVICE NORTHERN INDIANA
151 AM EDT TUE MAR 31 2015


...................................

...THE SOUTH BEND CLIMATE SUMMARY FOR MARCH 30 2015...

CLIMATE NORMAL PERIOD 1981 TO 2010
CLIMATE RECORD PERIOD 1893 TO 2015


WEATHER ITEM   OBSERVED TIME   RECORD YEAR NORMAL DEPARTURE LAST
                VALUE   (LST)  VALUE       VALUE  FROM      YEAR
                                                  NORMAL
..................................................................
TEMPERATURE (F)
 YESTERDAY
  MAXIMUM         59    407 PM  77    1998  53      6       55
                                      1967
                                      1943
  MINIMUM         32    643 AM  11    1954  33     -1       20
  AVERAGE         46                        43      3       38

PRECIPITATION (IN)
  YESTERDAY        0.03          0.83 1949   0.08  -0.05     0.00
  MONTH TO DATE    0.78                      2.33  -1.55     1.69
  SINCE MAR 1      0.78                      2.33  -1.55     1.69
  SINCE JAN 1      4.68                      6.57  -1.89     7.63

SNOWFALL (IN)
  YESTERDAY        0.0           8.0  1899   0.1   -0.1      0.0
  MONTH TO DATE    6.1                       7.0   -0.9     11.8
  SINCE MAR 1      6.1                       7.0   -0.9     11.8
  SINCE JUL 1     83.9                      65.1   18.8    105.8
  SNOW DEPTH       0

DEGREE DAYS
 HEATING
  YESTERDAY       19                        22     -3       27
  MONTH TO DATE  921                       833     88     1063
  SINCE MAR 1    921                       833     88     1063
  SINCE JUL 1   6018                      5522    496     6246

 COOLING
  YESTERDAY        0                         0      0        0
  MONTH TO DATE    0                         0      0        0
  SINCE MAR 1      0                         0      0        0
  SINCE JAN 1      0                         0      0        0
..................................................................


WIND (MPH)
  HIGHEST WIND SPEED    26   HIGHEST WIND DIRECTION    NW (310)
  HIGHEST GUST SPEED    33   HIGHEST GUST DIRECTION     W (280)
  AVERAGE WIND SPEED    12.0


SKY COVER
  AVERAGE SKY COVER 0.4


WEATHER CONDITIONS
 THE FOLLOWING WEATHER WAS RECORDED YESTERDAY.
  LIGHT RAIN


RELATIVE HUMIDITY (PERCENT)
 HIGHEST    82           600 AM
 LOWEST     23           200 PM
 AVERAGE    53

..........................................................


THE SOUTH BEND CLIMATE NORMALS FOR TODAY
                         NORMAL    RECORD    YEAR
 MAXIMUM TEMPERATURE (F)   53        85      1981
 MINIMUM TEMPERATURE (F)   33         5      1923


SUNRISE AND SUNSET
MARCH 31 2015.........SUNRISE   730 AM EDT   SUNSET   809 PM EDT
APRIL  1 2015.........SUNRISE   729 AM EDT   SUNSET   810 PM EDT


-  INDICATES NEGATIVE NUMBERS.
R  INDICATES RECORD WAS SET OR TIED.
MM INDICATES DATA IS MISSING.
T  INDICATES TRACE AMOUNT.




$$
