000
CDUS43 KIWX 220526
CLISBN


CLIMATE REPORT
NATIONAL WEATHER SERVICE NORTHERN INDIANA
122 AM EDT WED APR 22 2015


...................................

...THE SOUTH BEND CLIMATE SUMMARY FOR APRIL 21 2015...

CLIMATE NORMAL PERIOD 1981 TO 2010
CLIMATE RECORD PERIOD 1893 TO 2015


WEATHER ITEM   OBSERVED TIME   RECORD YEAR NORMAL DEPARTURE LAST
                VALUE   (LST)  VALUE       VALUE  FROM      YEAR
                                                  NORMAL
..................................................................
TEMPERATURE (F)
 YESTERDAY
  MAXIMUM         55    456 PM  84    1985  62     -7       79
  MINIMUM         36   1159 PM  22    1904  41     -5       50
  AVERAGE         46                        51     -5       65

PRECIPITATION (IN)
  YESTERDAY        T             1.91 1905   0.11  -0.11     0.47
  MONTH TO DATE    2.03                      2.23  -0.20     1.89
  SINCE MAR 1      2.81                      4.65  -1.84     3.58
  SINCE JAN 1      6.71                      8.89  -2.18     9.52

SNOWFALL (IN)
  YESTERDAY        0.0           0.5  1936   0.0    0.0      0.0
  MONTH TO DATE    0.0                       1.3   -1.3      1.1
  SINCE MAR 1      6.1                       8.4   -2.3     12.9
  SINCE JUL 1     83.9                      66.5   17.4    106.9
  SNOW DEPTH       0

DEGREE DAYS
 HEATING
  YESTERDAY       19                        14      5        0
  MONTH TO DATE  249                       375   -126      351
  SINCE MAR 1   1191                      1230    -39     1427
  SINCE JUL 1   6288                      5919    369     6610

 COOLING
  YESTERDAY        0                         0      0        0
  MONTH TO DATE    2                         0      2        2
  SINCE MAR 1      2                         1      1        2
  SINCE JAN 1      2                         1      1        2
..................................................................


WIND (MPH)
  HIGHEST WIND SPEED    32   HIGHEST WIND DIRECTION     W (290)
  HIGHEST GUST SPEED    43   HIGHEST GUST DIRECTION     W (290)
  AVERAGE WIND SPEED    16.1


SKY COVER
  AVERAGE SKY COVER 0.6


WEATHER CONDITIONS
 THE FOLLOWING WEATHER WAS RECORDED YESTERDAY.
  NO SIGNIFICANT WEATHER WAS OBSERVED.


RELATIVE HUMIDITY (PERCENT)
 HIGHEST    70           200 AM
 LOWEST     27           500 PM
 AVERAGE    49

..........................................................


THE SOUTH BEND CLIMATE NORMALS FOR TODAY
                         NORMAL    RECORD    YEAR
 MAXIMUM TEMPERATURE (F)   62        89      1980
 MINIMUM TEMPERATURE (F)   41        20      1936


SUNRISE AND SUNSET
APRIL 22 2015.........SUNRISE   655 AM EDT   SUNSET   833 PM EDT
APRIL 23 2015.........SUNRISE   653 AM EDT   SUNSET   834 PM EDT


-  INDICATES NEGATIVE NUMBERS.
R  INDICATES RECORD WAS SET OR TIED.
MM INDICATES DATA IS MISSING.
T  INDICATES TRACE AMOUNT.




$$
