000
CDUS43 KIWX 270527
CLISBN


CLIMATE REPORT
NATIONAL WEATHER SERVICE NORTHERN INDIANA
125 AM EDT FRI MAR 27 2015


...................................

...THE SOUTH BEND CLIMATE SUMMARY FOR MARCH 26 2015...

CLIMATE NORMAL PERIOD 1981 TO 2010
CLIMATE RECORD PERIOD 1893 TO 2015


WEATHER ITEM   OBSERVED TIME   RECORD YEAR NORMAL DEPARTURE LAST
                VALUE   (LST)  VALUE       VALUE  FROM      YEAR
                                                  NORMAL
..................................................................
TEMPERATURE (F)
 YESTERDAY
  MAXIMUM         42    121 PM  79    2007  51     -9       37
  MINIMUM         32   1159 PM  10    1996  32      0       17
                                      1965
  AVERAGE         37                        41     -4       27

PRECIPITATION (IN)
  YESTERDAY        0.00          1.39 1959   0.08  -0.08     0.01
  MONTH TO DATE    0.74                      2.00  -1.26     1.53
  SINCE MAR 1      0.74                      2.00  -1.26     1.53
  SINCE JAN 1      4.64                      6.24  -1.60     7.47

SNOWFALL (IN)
  YESTERDAY        0.0           8.0  1930   0.1   -0.1      0.1
  MONTH TO DATE    6.1                       6.5   -0.4     11.8
  SINCE MAR 1      6.1                       6.5   -0.4     11.8
  SINCE JUL 1     83.9                      64.6   19.3    105.8
  SNOW DEPTH       0

DEGREE DAYS
 HEATING
  YESTERDAY       28                        24      4       38
  MONTH TO DATE  790                       742     48      959
  SINCE MAR 1    790                       742     48      959
  SINCE JUL 1   5887                      5431    456     6142

 COOLING
  YESTERDAY        0                         0      0        0
  MONTH TO DATE    0                         0      0        0
  SINCE MAR 1      0                         0      0        0
  SINCE JAN 1      0                         0      0        0
..................................................................


WIND (MPH)
  HIGHEST WIND SPEED    23   HIGHEST WIND DIRECTION    NW (330)
  HIGHEST GUST SPEED    27   HIGHEST GUST DIRECTION    NW (330)
  AVERAGE WIND SPEED    11.4


SKY COVER
  AVERAGE SKY COVER 0.9


WEATHER CONDITIONS
 THE FOLLOWING WEATHER WAS RECORDED YESTERDAY.
  FOG


RELATIVE HUMIDITY (PERCENT)
 HIGHEST    85          1200 AM
 LOWEST     45           300 PM
 AVERAGE    65

..........................................................


THE SOUTH BEND CLIMATE NORMALS FOR TODAY
                         NORMAL    RECORD    YEAR
 MAXIMUM TEMPERATURE (F)   51        82      1907
 MINIMUM TEMPERATURE (F)   32         4      1965


SUNRISE AND SUNSET
MARCH 27 2015.........SUNRISE   737 AM EDT   SUNSET   805 PM EDT
MARCH 28 2015.........SUNRISE   735 AM EDT   SUNSET   806 PM EDT


-  INDICATES NEGATIVE NUMBERS.
R  INDICATES RECORD WAS SET OR TIED.
MM INDICATES DATA IS MISSING.
T  INDICATES TRACE AMOUNT.




$$
