000
CXUS53 KIWX 190800
CF6BEH
PRELIMINARY LOCAL CLIMATOLOGICAL DATA (WS FORM: F-6)

                                          STATION:   BENTON HARBOR
                                          MONTH:     APRIL
                                          YEAR:      2015
                                          LATITUDE:   42  7 N
                                          LONGITUDE:  86 26 W

  TEMPERATURE IN F:       :PCPN:    SNOW:  WIND      :SUNSHINE: SKY     :PK WND
================================================================================
1   2   3   4   5  6A  6B    7    8   9   10  11  12  13   14  15   16   17  18
                                     12Z  AVG MX 2MIN
DY MAX MIN AVG DEP HDD CDD  WTR  SNW DPTH SPD SPD DIR MIN PSBL S-S WX    SPD DR
================================================================================

 1  69  26  48   5  17   0 0.00  0.0    0  7.4 17 180   M    M   0 1      24 160
 2  61  43  52   8  13   0 0.18  0.0    0  9.7 21 240   M    M   5 138    28 250
 3  48  30  39  -5  26   0 0.00  0.0    0  5.4 15 340   M    M   6 12     25 320
 4  53  21  37  -7  28   0 0.00  0.0    0  8.5 24 250   M    M   2 8      32 240
 5  63  36  50   5  15   0 0.00  0.0    0 12.7 23 230   M    M   4        31 220
 6  59  40  50   5  15   0 0.00  0.0    0  5.9 15 260   M    M   7        18 280
 7  52  41  47   1  18   0 0.00  0.0    0 13.5 26 100   M    M   9 18     34 100
 8  51  43  47   1  18   0 0.01  0.0    0  9.6 22 110   M    M  10 18     31 120
 9  69  45  57  11   8   0 1.56  0.0    0 11.9 30 240   M    M   8 13     37 250
10  60  35  48   1  17   0 0.07  0.0    0 15.8 33 240   M    M   7 1      44 230
11  58  30  44  -3  21   0 0.00  0.0    0  7.2 17 250   M    M   1        21 250
12  67  38  53   6  12   0 0.00  0.0    0  8.2 18 170   M    M   2        23 170
13  62  45  54   6  11   0 0.30  0.0    0  9.4 23 270   M    M   5 13     31 250
14  62  36  49   1  16   0 0.00  0.0    0  3.5 12 270   M    M   0        16 310
15  67  33  50   2  15   0 0.00  0.0    0 10.9 23 110   M    M   1        30 110
16  56  40  48  -1  17   0 0.07    M    0  4.2 18 110   M    M   9 18     25 100
17  71  36  54   5  11   0 0.00  0.0    0  3.1 13 270   M    M   1 18     17 260
18  76  50  63  13   2   0 0.00  0.0    0  7.4 18 110   M    M   0 8      23 110
================================================================================
SM 1104  668       280   0  2.19     0.0 154.3          M       77
================================================================================
AV 61.3 37.1                               8.6 FASTST   M    M   4    MAX(MPH)
                                 MISC ---->  # 33 240               # 44  230
================================================================================
NOTES:
# LAST OF SEVERAL OCCURRENCES

COLUMN 17 PEAK WIND IN M.P.H.

PRELIMINARY LOCAL CLIMATOLOGICAL DATA (WS FORM: F-6) , PAGE 2

                                          STATION:  BENTON HARBOR
                                          MONTH:    APRIL
                                          YEAR:     2015
                                          LATITUDE:   42  7 N
                                          LONGITUDE:  86 26 W

[TEMPERATURE DATA]      [PRECIPITATION DATA]       SYMBOLS USED IN COLUMN 16

AVERAGE MONTHLY: 49.2   TOTAL FOR MONTH:   2.19    1 = FOG OR MIST
DPTR FM NORMAL:   2.8   DPTR FM NORMAL:    0.20    2 = FOG REDUCING VISIBILITY
HIGHEST:    76 ON 18    GRTST 24HR  1.62 ON  9-10      TO 1/4 MILE OR LESS
LOWEST:     21 ON  4                               3 = THUNDER
                        SNOW, ICE PELLETS, HAIL    4 = ICE PELLETS
                        TOTAL MONTH:   0.0 INCH    5 = HAIL
                        GRTST 24HR     0.0         6 = FREEZING RAIN OR DRIZZLE
                        GRTST DEPTH:   0           7 = DUSTSTORM OR SANDSTORM:
                                                       VSBY 1/2 MILE OR LESS
                                                   8 = SMOKE OR HAZE
[NO. OF DAYS WITH]      [WEATHER - DAYS WITH]      9 = BLOWING SNOW
                                                   X = TORNADO
MAX 32 OR BELOW:   0    0.01 INCH OR MORE:   6
MAX 90 OR ABOVE:   0    0.10 INCH OR MORE:   3
MIN 32 OR BELOW:   4    0.50 INCH OR MORE:   1
MIN  0 OR BELOW:   0    1.00 INCH OR MORE:   1

[HDD (BASE 65) ]
TOTAL THIS MO.   280    CLEAR  (SCALE 0-3)   8
DPTR FM NORMAL   -56    PTCLDY (SCALE 4-7)   7
TOTAL FM JUL 1  6598    CLOUDY (SCALE 8-10)  3
DPTR FM NORMAL   929

[CDD (BASE 65) ]
TOTAL THIS MO.     0
DPTR FM NORMAL     0    [PRESSURE DATA]
TOTAL FM JAN 1     0    HIGHEST SLP M ON M
DPTR FM NORMAL    -1    LOWEST  SLP 29.44 ON  9

[REMARKS]
