000
CXUS55 KRIW 250901
CF6BPI
PRELIMINARY LOCAL CLIMATOLOGICAL DATA (WS FORM: F-6)

                                          STATION:   BIG PINEY  WY
                                          MONTH:     APRIL
                                          YEAR:      2015
                                          LATITUDE:   42 34 N
                                          LONGITUDE: 110  6 W

  TEMPERATURE IN F:       :PCPN:    SNOW:  WIND      :SUNSHINE: SKY     :PK WND
================================================================================
1   2   3   4   5  6A  6B    7    8   9   10  11  12  13   14  15   16   17  18
                                     12Z  AVG MX 2MIN
DY MAX MIN AVG DEP HDD CDD  WTR  SNW DPTH SPD SPD DIR MIN PSBL S-S WX    SPD DR
================================================================================

 1  43  15  29  -4  36   0 0.00  0.0    M 13.5 29 340   M    M   2        37 350
 2  39  13  26  -8  39   0 0.00  0.0    M  8.8 28 320   M    M   3        35 320
 3  45   6  26  -8  39   0 0.00  0.0    M  5.1 17 270   M    M   0        22 270
 4  55  13  34   0  31   0 0.00  0.0    M  8.2 32 270   M    M   1        40 260
 5  59  18  39   5  26   0 0.00  0.0    M 10.9 33 270   M    M   1        45 270
 6  55  18  37   2  28   0 0.00  0.0    M 12.4 30 280   M    M   2        39 280
 7  46  18  32  -3  33   0 0.02    M    M  6.3 30 280   M    M   6 128    36 280
 8  45  26  36   1  29   0 0.03    M    M  6.6 29  30   M    M   9 13     35  30
 9  46  21  34  -2  31   0 0.00  0.0    M  5.8 16  20   M    M   7 12     20 190
10  56  15  36   0  29   0 0.00    M    M  5.1 14 280   M    M   4 12     16 280
11  60  17  39   3  26   0 0.00  0.0    M 11.1 33 280   M    M   3        41 280
12  49  22  36   0  29   0 0.00  0.0    M  9.5 28 300   M    M   2        33 290
13  62  15  39   3  26   0 0.00  0.0    M  6.8 21 290   M    M   0        27 280
14  67  19  43   6  22   0 0.00    M    M 15.0 41 240   M    M   4        56 230
15  34  24  29  -8  36   0 0.07    M    M  9.6 18 340   M    M  10 12     24 330
16  55  19  37   0  28   0 0.00    M    M  7.1 23 210   M    M   4        29 200
17  62  21  42   4  23   0 0.00  0.0    M  7.4 23  80   M    M   0        27  90
18  63  21  42   4  23   0 0.00  0.0    M 10.9 28 350   M    M   3        35 350
19  56  29  43   5  22   0 0.00  0.0    M  9.3 18 340   M    M   7        23 320
20  60  23  42   4  23   0    T    M    M  8.7 22 340   M    M   3        31 350
21  62  21  42   4  23   0 0.00  0.0    M  7.1 20 300   M    M   2        24 240
22  65  22  44   5  21   0 0.00  0.0    M  5.7 20 210   M    M   2        28 210
23  56  31  44   5  21   0 0.06    M    M  6.2 25 310   M    M   7 3      32 310
24  55  27  41   2  24   0 0.07    M    M  7.3 32 310   M    M   8 3      40 300
================================================================================
SM 1295  474       668   0  0.25     0.0 204.4          M       90
================================================================================
AV 54.0 19.8                               8.5 FASTST   M    M   4    MAX(MPH)
                                 MISC ---->  # 41 240               # 56  230
================================================================================
NOTES:
# LAST OF SEVERAL OCCURRENCES

COLUMN 17 PEAK WIND IN M.P.H.

PRELIMINARY LOCAL CLIMATOLOGICAL DATA (WS FORM: F-6) , PAGE 2

                                          STATION:  BIG PINEY  WY
                                          MONTH:    APRIL
                                          YEAR:     2015
                                          LATITUDE:   42 34 N
                                          LONGITUDE: 110  6 W

[TEMPERATURE DATA]      [PRECIPITATION DATA]       SYMBOLS USED IN COLUMN 16

AVERAGE MONTHLY: 36.9   TOTAL FOR MONTH:   0.25    1 = FOG OR MIST
DPTR FM NORMAL:   0.5   DPTR FM NORMAL:   -0.14    2 = FOG REDUCING VISIBILITY
HIGHEST:    67 ON 14    GRTST 24HR  0.08 ON 23-24      TO 1/4 MILE OR LESS
LOWEST:      6 ON  3                               3 = THUNDER
                        SNOW, ICE PELLETS, HAIL    4 = ICE PELLETS
                        TOTAL MONTH:   0.0 INCH    5 = HAIL
                        GRTST 24HR     0.0         6 = FREEZING RAIN OR DRIZZLE
                        GRTST DEPTH:  M  ON   M    7 = DUSTSTORM OR SANDSTORM:
                                                       VSBY 1/2 MILE OR LESS
                                                   8 = SMOKE OR HAZE
[NO. OF DAYS WITH]      [WEATHER - DAYS WITH]      9 = BLOWING SNOW
                                                   X = TORNADO
MAX 32 OR BELOW:   0    0.01 INCH OR MORE:   5
MAX 90 OR ABOVE:   0    0.10 INCH OR MORE:   0
MIN 32 OR BELOW:  24    0.50 INCH OR MORE:   0
MIN  0 OR BELOW:   0    1.00 INCH OR MORE:   0

[HDD (BASE 65) ]
TOTAL THIS MO.   668    CLEAR  (SCALE 0-3)  14
DPTR FM NORMAL   -20    PTCLDY (SCALE 4-7)   8
TOTAL FM JUL 1  7698    CLOUDY (SCALE 8-10)  2
DPTR FM NORMAL -1685

[CDD (BASE 65) ]
TOTAL THIS MO.     0
DPTR FM NORMAL     0    [PRESSURE DATA]
TOTAL FM JAN 1     0    HIGHEST SLP M ON M
DPTR FM NORMAL     0    LOWEST  SLP 29.47 ON 14

[REMARKS]
