000
CXUS55 KLOX 191655
CF6CQT
PRELIMINARY LOCAL CLIMATOLOGICAL DATA (WS FORM: F-6)

                                          STATION:   DOWNTOWN LOS ANGELES (USC) CA
                                          MONTH:     APRIL
                                          YEAR:      2015
                                          LATITUDE:   34  1 N
                                          LONGITUDE: 118 17 W

  TEMPERATURE IN F:       :PCPN:    SNOW:  WIND      :SUNSHINE: SKY     :PK WND
================================================================================
1   2   3   4   5  6A  6B    7    8   9   10  11  12  13   14  15   16   17  18
                                     12Z  AVG MX 2MIN
DY MAX MIN AVG DEP HDD CDD  WTR  SNW DPTH SPD SPD DIR MIN PSBL S-S WX    SPD DR
================================================================================

 1  74  58  66   4   0   1 0.00  0.0    0  1.9 10 280   M    M   1        17 280
 2  75  54  65   3   0   0 0.00  0.0    0  1.9 12 270   M    M   0 8      19 280
 3  86  57  72  10   0   7 0.00  0.0    0  2.4 10 270   M    M   0        16 290
 4  84  59  72  10   0   7 0.00  0.0    0  2.1  9 270   M    M   0 8      16 280
 5  71  57  64   2   1   0 0.00  0.0    0  2.2  9 140   M    M   2        16 270
 6  67  53  60  -2   5   0 0.00  0.0    0  1.7  9 280   M    M   2        17 280
 7  67  51  59  -3   6   0 0.13  0.0    0  1.5  9 280   M    M   4 18     16 280
 8  70  49  60  -2   5   0 0.00  0.0    0  2.0 13 270   M    M   0        24 280
 9  76  53  65   3   0   0 0.00  0.0    0  2.0 10 280   M    M   0        15 280
10  71  54  63   1   2   0 0.00  0.0    0  1.6 10 270   M    M   0 18     16 280
11  72  53  63   1   2   0 0.00  0.0    0  1.8 10 280   M    M   0        18 270
12  77  57  67   4   0   2 0.00  0.0    0  1.7  9 280   M    M   0        14 280
13  75  58  67   4   0   2 0.00  0.0    0  2.3 10 270   M    M   6 18     16 280
14  73  58  66   3   0   1 0.00  0.0    0  2.3 10 270   M    M   3 18     19 280
15  80  57  69   6   0   4 0.00  0.0    0  1.1  9 280   M    M   0        16 290
16  81  54  68   5   0   3 0.00  0.0    0  1.6 13 280   M    M   0        21 280
17  81  56  69   6   0   4 0.00  0.0    0  2.0 14 280   M    M   0        22 280
18  81  56  69   6   0   4 0.00  0.0    0  2.3  9 280   M    M   0        16 280
================================================================================
SM 1361  994        21  35  0.13     0.0  34.4          M       18
================================================================================
AV 75.6 55.2                               1.9 FASTST   M    M   1    MAX(MPH)
                                 MISC ---->  # 14 280               # 24  280
================================================================================
NOTES:
# LAST OF SEVERAL OCCURRENCES

COLUMN 17 PEAK WIND IN M.P.H.

PRELIMINARY LOCAL CLIMATOLOGICAL DATA (WS FORM: F-6) , PAGE 2

                                          STATION:  DOWNTOWN LOS ANGELES (USC) CA
                                          MONTH:    APRIL
                                          YEAR:     2015
                                          LATITUDE:   34  1 N
                                          LONGITUDE: 118 17 W

[TEMPERATURE DATA]      [PRECIPITATION DATA]       SYMBOLS USED IN COLUMN 16

AVERAGE MONTHLY: 65.4   TOTAL FOR MONTH:   0.13    1 = FOG OR MIST
DPTR FM NORMAL:   3.0   DPTR FM NORMAL:   -0.50    2 = FOG REDUCING VISIBILITY
HIGHEST:    86 ON  3    GRTST 24HR  0.13 ON  6- 7      TO 1/4 MILE OR LESS
LOWEST:     49 ON  8                               3 = THUNDER
                        SNOW, ICE PELLETS, HAIL    4 = ICE PELLETS
                        TOTAL MONTH:   0.0 INCH    5 = HAIL
                        GRTST 24HR     0.0         6 = FREEZING RAIN OR DRIZZLE
                        GRTST DEPTH:   0           7 = DUSTSTORM OR SANDSTORM:
                                                       VSBY 1/2 MILE OR LESS
                                                   8 = SMOKE OR HAZE
[NO. OF DAYS WITH]      [WEATHER - DAYS WITH]      9 = BLOWING SNOW
                                                   X = TORNADO
MAX 32 OR BELOW:   0    0.01 INCH OR MORE:   1
MAX 90 OR ABOVE:   0    0.10 INCH OR MORE:   1
MIN 32 OR BELOW:   0    0.50 INCH OR MORE:   0
MIN  0 OR BELOW:   0    1.00 INCH OR MORE:   0

[HDD (BASE 65) ]
TOTAL THIS MO.    21    CLEAR  (SCALE 0-3)  16
DPTR FM NORMAL   -45    PTCLDY (SCALE 4-7)   2
TOTAL FM JUL 1   413    CLOUDY (SCALE 8-10)  0
DPTR FM NORMAL  -585

[CDD (BASE 65) ]
TOTAL THIS MO.    35
DPTR FM NORMAL    16    [PRESSURE DATA]
TOTAL FM JAN 1   229    HIGHEST SLP M ON M
DPTR FM NORMAL   167    LOWEST  SLP 29.79 ON  5

[REMARKS]
