000
CXUS55 KCAE 241400
CF6DNL
PRELIMINARY LOCAL CLIMATOLOGICAL DATA (WS FORM: F-6)

                                          STATION:   AUGUSTA DANIEL FIELD GA
                                          MONTH:     APRIL
                                          YEAR:      2015
                                          LATITUDE:   33 28 N
                                          LONGITUDE:  82  2 W

  TEMPERATURE IN F:       :PCPN:    SNOW:  WIND      :SUNSHINE: SKY     :PK WND
================================================================================
1   2   3   4   5  6A  6B    7    8   9   10  11  12  13   14  15   16   17  18
                                     12Z  AVG MX 2MIN
DY MAX MIN AVG DEP HDD CDD  WTR  SNW DPTH SPD SPD DIR MIN PSBL S-S WX    SPD DR
================================================================================

 1  83  61  72  11   0   7 0.02    M    M  6.9 17 140   M    M   1        22 120
 2  80  57  69   8   0   4 0.00    M    M  8.5 16 190   M    M   6        24 200
 3  87  66  77  15   0  12 0.00    M    M 10.3 22 200   M    M   4        27 180
 4  75  59  67   5   0   2 0.08    M    M  9.2 17  10   M    M   3        25 360
 5  73  51  62   0   3   0 0.00    M    M  8.9 17  60   M    M   0        23  70
 6  80  58  69   7   0   4    T    M    M  6.2 12 160   M    M   5        16 100
 7  82  63  73  11   0   8 0.28    M    M  3.7 10  10   M    M   6 18     15  30
 8  89  66  78  16   0  13 0.00    M    M  4.6 10 220   M    M   4 12     15 220
 9  90  68  79  16   0  14 0.00    M    M  7.7 16 200   M    M   1        22 190
10  85  67  76  13   0  11    T    M    M  7.6 16 210   M    M   3 3      23 210
11  83  68  76  13   0  11 0.02    M    M  4.6 10 360   M    M   3 1      15 250
12  77  63  70   7   0   5 0.00    M    M  8.4 14  90   M    M   7 12     19 100
13  77  67  72   8   0   7 0.34    M    M  6.2 12  80   M    M  10 18     15 120
14  86  68  77  13   0  12    T    M    M  6.0 13 230   M    M   6 12     20 230
15  76  58  67   3   0   2 0.17    M    M  7.2 16  40   M    M   8 18     20  40
16  58  52  55  -9  10   0 0.01    M    M  9.1 18  40   M    M  10 18     23  30
17  70  55  63  -1   2   0 0.56    M    M  3.2  9 360   M    M  10 1      13 350
18  74  66  70   5   0   5 0.49  0.0    0  4.1 10  60   M    M   7 1      13  60
19  76  66  71   6   0   6 0.48    M    M  7.7 24 150   M    M  10 123    39 140
20  75  65  70   5   0   5 0.00    M    M  9.4 21 200   M    M   4        29 210
21  75  55  65  -1   0   0 0.00    M    M  6.4 14 290   M    M   0        20 260
22  81  53  67   1   0   2 0.00    M    M  6.0 16 230   M    M   0        25 240
23  79  62  71   5   0   6 0.00    M    M  7.2 16 310   M    M   0        24 300
================================================================================
SM 1811 1414        15 136  2.45     0.0 159.1          M      108
================================================================================
AV 78.7 61.5                               6.9 FASTST   M    M   5    MAX(MPH)
                                 MISC ---->  # 24 150               # 39  140
================================================================================
NOTES:
# LAST OF SEVERAL OCCURRENCES

COLUMN 17 PEAK WIND IN M.P.H.

PRELIMINARY LOCAL CLIMATOLOGICAL DATA (WS FORM: F-6) , PAGE 2

                                          STATION:  AUGUSTA DANIEL FIELD GA
                                          MONTH:    APRIL
                                          YEAR:     2015
                                          LATITUDE:   33 28 N
                                          LONGITUDE:  82  2 W

[TEMPERATURE DATA]      [PRECIPITATION DATA]       SYMBOLS USED IN COLUMN 16

AVERAGE MONTHLY: 70.1   TOTAL FOR MONTH:   2.45    1 = FOG OR MIST
DPTR FM NORMAL:   6.7   DPTR FM NORMAL:   -0.09    2 = FOG REDUCING VISIBILITY
HIGHEST:    90 ON  9    GRTST 24HR  1.05 ON 17-18      TO 1/4 MILE OR LESS
LOWEST:     51 ON  5                               3 = THUNDER
                        SNOW, ICE PELLETS, HAIL    4 = ICE PELLETS
                        TOTAL MONTH:   0.0 INCH    5 = HAIL
                        GRTST 24HR     0.0         6 = FREEZING RAIN OR DRIZZLE
                        GRTST DEPTH:   0           7 = DUSTSTORM OR SANDSTORM:
                                                       VSBY 1/2 MILE OR LESS
                                                   8 = SMOKE OR HAZE
[NO. OF DAYS WITH]      [WEATHER - DAYS WITH]      9 = BLOWING SNOW
                                                   X = TORNADO
MAX 32 OR BELOW:   0    0.01 INCH OR MORE:  10
MAX 90 OR ABOVE:   1    0.10 INCH OR MORE:   6
MIN 32 OR BELOW:   0    0.50 INCH OR MORE:   1
MIN  0 OR BELOW:   0    1.00 INCH OR MORE:   0

[HDD (BASE 65) ]
TOTAL THIS MO.    15    CLEAR  (SCALE 0-3)   7
DPTR FM NORMAL   -70    PTCLDY (SCALE 4-7)  12
TOTAL FM JUL 1  2028    CLOUDY (SCALE 8-10)  4
DPTR FM NORMAL  -120

[CDD (BASE 65) ]
TOTAL THIS MO.   136
DPTR FM NORMAL    88    [PRESSURE DATA]
TOTAL FM JAN 1   179    HIGHEST SLP M ON M
DPTR FM NORMAL   105    LOWEST  SLP 29.68 ON 20

[REMARKS]
