000
CXUS53 KDMX 180920
CF6EST
PRELIMINARY LOCAL CLIMATOLOGICAL DATA (WS FORM: F-6)

                                          STATION:   ESTHERVILLE IA
                                          MONTH:     APRIL
                                          YEAR:      2015
                                          LATITUDE:   43 24 N
                                          LONGITUDE:  94 45 W

  TEMPERATURE IN F:       :PCPN:    SNOW:  WIND      :SUNSHINE: SKY     :PK WND
================================================================================
1   2   3   4   5  6A  6B    7    8   9   10  11  12  13   14  15   16   17  18
                                     12Z  AVG MX 2MIN
DY MAX MIN AVG DEP HDD CDD  WTR  SNW DPTH SPD SPD DIR MIN PSBL S-S WX    SPD DR
================================================================================

 1  82  37  60  20   5   0 0.11    M    0 19.7 41 190   M    M   2 3      51 180
 2  66  38  52  11  13   0    T    M    0 17.3 32 300   M    M   2        39 290
 3  44  23  34  -7  31   0 0.00  0.0    M 17.2 29 330   M    M   1        37 350
 4  64  27  46   4  19   0 0.00  0.0    0 13.3 32 240   M    M   3        39 250
 5  67  30  49   7  16   0 0.00  0.0    0  8.9 23  40   M    M   1        28 130
 6  55  35  45   2  20   0 0.00  0.0    0 11.5 24  50   M    M   9 18     30  50
 7  41  37  39  -4  26   0 0.33    M    0 15.0 26 110   M    M  10 13     33  70
 8  45  36  41  -3  24   0 0.08  0.0    0 12.3 21  30   M    M  10 13     23  30
 9  41  34  38  -6  27   0 0.57    M    0 19.5 35 350   M    M   9 13     42 350
10  53  33  43  -1  22   0 0.00  0.0    0 13.3 30 310   M    M   1        35 320
11  70  31  51   6  14   0 0.00  0.0    0 18.1 33 180   M    M   0        45 180
12  74  46  60  15   5   0 0.22  0.0    0 20.7 36 180   M    M   5 3      46 180
13  64  37  51   5  14   0 0.00  0.0    0 14.1 29 300   M    M   1        43 290
14  70  33  52   6  13   0 0.00  0.0    0  9.9 20 160   M    M   0        26 190
15  68  37  53   6  12   0 0.00  0.0    0 14.6 31 140   M    M   3        36 140
16  71  46  59  12   6   0 0.00  0.0    0  7.0 14 270   M    M   8        17 270
17  76  44  60  12   5   0 0.00  0.0    0  6.8 12 310   M    M   1         M  M
================================================================================
SM 1051  604       272   0  1.31     0.0 239.2          M       66
================================================================================
AV 61.8 35.5                              14.1 FASTST   M    M   4    MAX(MPH)
                                 MISC ---->  # 41 190               # 51  180
================================================================================
NOTES:
# LAST OF SEVERAL OCCURRENCES

COLUMN 17 PEAK WIND IN M.P.H.

PRELIMINARY LOCAL CLIMATOLOGICAL DATA (WS FORM: F-6) , PAGE 2

                                          STATION:  ESTHERVILLE IA
                                          MONTH:    APRIL
                                          YEAR:     2015
                                          LATITUDE:   43 24 N
                                          LONGITUDE:  94 45 W

[TEMPERATURE DATA]      [PRECIPITATION DATA]       SYMBOLS USED IN COLUMN 16

AVERAGE MONTHLY: 48.7   TOTAL FOR MONTH:   1.31    1 = FOG OR MIST
DPTR FM NORMAL:   4.7   DPTR FM NORMAL:   -0.34    2 = FOG REDUCING VISIBILITY
HIGHEST:    82 ON  1    GRTST 24HR  0.65 ON  8- 9      TO 1/4 MILE OR LESS
LOWEST:     23 ON  3                               3 = THUNDER
                        SNOW, ICE PELLETS, HAIL    4 = ICE PELLETS
                        TOTAL MONTH:   0.0 INCH    5 = HAIL
                        GRTST 24HR     0.0         6 = FREEZING RAIN OR DRIZZLE
                        GRTST DEPTH:   0           7 = DUSTSTORM OR SANDSTORM:
                                                       VSBY 1/2 MILE OR LESS
                                                   8 = SMOKE OR HAZE
[NO. OF DAYS WITH]      [WEATHER - DAYS WITH]      9 = BLOWING SNOW
                                                   X = TORNADO
MAX 32 OR BELOW:   0    0.01 INCH OR MORE:   5
MAX 90 OR ABOVE:   0    0.10 INCH OR MORE:   4
MIN 32 OR BELOW:   4    0.50 INCH OR MORE:   1
MIN  0 OR BELOW:   0    1.00 INCH OR MORE:   0

[HDD (BASE 65) ]
TOTAL THIS MO.   272    CLEAR  (SCALE 0-3)  10
DPTR FM NORMAL   -84    PTCLDY (SCALE 4-7)   3
TOTAL FM JUL 1  7202    CLOUDY (SCALE 8-10)  4
DPTR FM NORMAL   -69

[CDD (BASE 65) ]
TOTAL THIS MO.     0
DPTR FM NORMAL     0    [PRESSURE DATA]
TOTAL FM JAN 1     0    HIGHEST SLP M ON M
DPTR FM NORMAL     0    LOWEST  SLP 29.50 ON  9

[REMARKS]
