000
CXUS52 KILM 201000
CF6ILM
PRELIMINARY LOCAL CLIMATOLOGICAL DATA (WS FORM: F-6)

                                          STATION:   WILMINGTON NC
                                          MONTH:     APRIL
                                          YEAR:      2015
                                          LATITUDE:   34 16 N
                                          LONGITUDE:  77 55 W

  TEMPERATURE IN F:       :PCPN:    SNOW:  WIND      :SUNSHINE: SKY     :PK WND
================================================================================
1   2   3   4   5  6A  6B    7    8   9   10  11  12  13   14  15   16   17  18
                                     12Z  AVG MX 2MIN
DY MAX MIN AVG DEP HDD CDD  WTR  SNW DPTH SPD SPD DIR MIN PSBL S-S WX    SPD DR
================================================================================

 1  65  53  59   0   6   0 0.00  0.0    0 10.1 18  30   M    M   0        23  20
 2  70  42  56  -4   9   0 0.00  0.0    0  9.2 18 170   M    M   0        24 160
 3  80  57  69   9   0   4 0.00  0.0    0 12.3 23 210   M    M   2        34 210
 4  74  46  60   0   5   0    T    M    0 11.9 25 320   M    M   1        36 220
 5  66  39  53  -7  12   0 0.00  0.0    0  7.3 18  70   M    M   0        24  80
 6  74  50  62   1   3   0 0.00  0.0    0  6.2 15 100   M    M   3        20 160
 7  74  56  65   4   0   0    T  0.0    0  5.0 14 160   M    M   4        20 160
 8  83  61  72  11   0   7 0.45  0.0    0  5.4 21  60   M    M   3 13     25  50
 9  79  62  71  10   0   6 0.63  0.0    0  7.7 21 200   M    M   4 13     26 200
10  80  68  74  12   0   9 0.00  0.0    0 14.3 23 200   M    M   1        30 240
11  73  53  63   1   2   0 0.01  0.0    0  6.6 20  20   M    M   5 1      26  20
12  71  49  60  -2   5   0 0.00  0.0    0 10.5 21  70   M    M   1 1      29  60
13  75  56  66   4   0   1    T  0.0    0  8.7 20 100   M    M   5        26  90
14  78  68  73  10   0   8 0.04  0.0    0 10.6 18 200   M    M   6 1      24 220
15  72  50  61  -2   4   0 0.07  0.0    0 11.2 18  40   M    M   9 1      22  40
16  70  50  60  -3   5   0 0.02  0.0    0 10.0 20  70   M    M   9        26  70
17  77  65  71   8   0   6 0.16  0.0    0  4.8 13 110   M    M   7 1      17 130
18  75  64  70   6   0   5 0.11  0.0    0  3.6 12  50   M    M   7 1      14  30
19  74  63  69   5   0   4 0.27  0.0    0  8.6 24 170   M    M   8 1      36 180
================================================================================
SM 1410 1052        51  50  1.76     0.0 164.0          M       75
================================================================================
AV 74.2 55.4                               8.6 FASTST   M    M   4    MAX(MPH)
                                 MISC ---->  # 25 320               # 36  220
================================================================================
NOTES:
# LAST OF SEVERAL OCCURRENCES

COLUMN 17 PEAK WIND IN M.P.H.

PRELIMINARY LOCAL CLIMATOLOGICAL DATA (WS FORM: F-6) , PAGE 2

                                          STATION:  WILMINGTON NC
                                          MONTH:    APRIL
                                          YEAR:     2015
                                          LATITUDE:   34 16 N
                                          LONGITUDE:  77 55 W

[TEMPERATURE DATA]      [PRECIPITATION DATA]       SYMBOLS USED IN COLUMN 16

AVERAGE MONTHLY: 64.8   TOTAL FOR MONTH:   1.76    1 = FOG OR MIST
DPTR FM NORMAL:   3.2   DPTR FM NORMAL:   -0.02    2 = FOG REDUCING VISIBILITY
HIGHEST:    83 ON  8    GRTST 24HR  1.08 ON  8- 9      TO 1/4 MILE OR LESS
LOWEST:     39 ON  5                               3 = THUNDER
                        SNOW, ICE PELLETS, HAIL    4 = ICE PELLETS
                        TOTAL MONTH:   0.0 INCH    5 = HAIL
                        GRTST 24HR     0.0         6 = FREEZING RAIN OR DRIZZLE
                        GRTST DEPTH:   0           7 = DUSTSTORM OR SANDSTORM:
                                                       VSBY 1/2 MILE OR LESS
                                                   8 = SMOKE OR HAZE
[NO. OF DAYS WITH]      [WEATHER - DAYS WITH]      9 = BLOWING SNOW
                                                   X = TORNADO
MAX 32 OR BELOW:   0    0.01 INCH OR MORE:   9
MAX 90 OR ABOVE:   0    0.10 INCH OR MORE:   5
MIN 32 OR BELOW:   0    0.50 INCH OR MORE:   1
MIN  0 OR BELOW:   0    1.00 INCH OR MORE:   0

[HDD (BASE 65) ]
TOTAL THIS MO.    51    CLEAR  (SCALE 0-3)   9
DPTR FM NORMAL   -50    PTCLDY (SCALE 4-7)   8
TOTAL FM JUL 1  2547    CLOUDY (SCALE 8-10)  2
DPTR FM NORMAL   194

[CDD (BASE 65) ]
TOTAL THIS MO.    50
DPTR FM NORMAL    18    [PRESSURE DATA]
TOTAL FM JAN 1    76    HIGHEST SLP M ON M
DPTR FM NORMAL    23    LOWEST  SLP 29.80 ON 19

[REMARKS]
